{"id":2552,"date":"2021-06-25T09:18:58","date_gmt":"2021-06-25T09:18:58","guid":{"rendered":"http:\/\/neckar-donau-wegekreuz.de\/?page_id=2552"},"modified":"2021-06-25T09:19:00","modified_gmt":"2021-06-25T09:19:00","slug":"chronologie-der-armen-schulschwestern-unserer-lieben-frau-in-bad-niedernau","status":"publish","type":"page","link":"http:\/\/neckar-donau-wegekreuz.de\/?page_id=2552","title":{"rendered":"Chronologie der Armen Schulschwestern Unserer Lieben Frau in Bad Niedernau"},"content":{"rendered":"\n<p><strong>1957 &#8211;<\/strong><br \/>Das Haus am Berg (Steinersche Villa auf der Anh\u00f6he) \u2013das unter <br \/>Denkmalschutz stehende, ehemaliges Krieger-Erholungsheim wurde k\u00e4uflich <br \/>f\u00fcr 270.000,-DM erworben. Es soll Heimat f\u00fcr die Armen Schulschwestern <br \/>Unserer Lieben Frau werden. Am 30.Juni 1957 ziehen die erste Schwestern, <br \/>Sr. Zenobia, Sr, Lea, Sr. Cherubina und Sr. Emanuela ein.<\/p>\n<p>Die fr\u00fchere Heimat war die Batschka in Jugoslawien und Ungarn. Dort lebte <br \/>der j\u00fcngste deutsche Volksstamm, die Donauschwaben. Das damalige <br \/>Mutterhaus war in Kalotscha (Ungarn) sp\u00e4ter, ab 1920 f\u00fcr den jugosl. Teil der <br \/>Batschka in Subotica,Jugoslawien. <br \/>Die Aufgaben der Schwestern sind Unterricht und Erziehung.<\/p>\n<p><strong>Grund der Auswanderung:<\/strong> <br \/>Die deutsche Bev\u00f6lkerung wurde nach dem 2. Weltkrieg aus dieser Region <br \/>vertrieben. Den Ordensleuten wurden die Schulen und Kinderg\u00e4rten <br \/>genommen, die Schwestern mussten die Kl\u00f6ster verlassen und in <br \/>Privatwohnungen ziehen. Das Mutterhaus in Kalotscha und die gesamte <br \/>Kongregation wurde 1950 aufgel\u00f6st. Das Mutterhaus Subotica wurde mit den <br \/>Schwestern kroatischer Nationalit\u00e4t nach Zagreb verlegt. Die deutschen <br \/>D\u00f6rfer in der Batschka waren inzwischen mit Serben besiedelt worden. Keine <br \/>Heimat \u2013 keine Aufgaben. Der Wunsch einiger deutschst\u00e4mmiger Schwestern, <br \/>dort wirken zu wollen, wo das eigene Volk ist, wurde von den Vorgesetzten <br \/>respektiert. Die Auswanderung aufgrund der Familienzusammenf\u00fchrung <br \/>konnte erfolgen.<\/p>\n<p><strong>22. Oktober 1957<\/strong> <br \/>Die Schwestern von Bad Niedernau beschlie\u00dfen eine eigene Kongregation zu <br \/>gr\u00fcnden.<\/p>\n<p><strong>6.Januar 1958<\/strong> <br \/>Feierliche Einweihung des Hauses auf der Anh\u00f6he, des Gartens und des <br \/>Hausen Badstr.67 (Fritz Keller-Haus).<br \/><br \/><strong>12.Mai 1958<\/strong> <br \/>Beginn der F\u00f6rderschule f\u00fcr Sp\u00e4taussiedlerkinder im Alter von 8 \u2013 12 Jahren,<br \/>Die Schwestern wohnen im Haus Bad Str.67 (Fritz Keller-Haus).<br \/><br \/><strong>25.05.1959<\/strong><br \/>Dekret aus Rom \u2013 Anerkennung der Selbst\u00e4ndigkeit einer Vizeprovinz <br \/>best\u00e4tigt, Bad Niedernau wird der Prokuratur in Rom unterstellt.<\/p>\n<p><strong>26.12.1959<\/strong><br \/>Die Hauskapelle im Fritz Keller-Haus wird eingeweiht.<\/p>\n<p><strong>07.02.1960<\/strong><br \/>Sr. Lea Helfert zur Vizeprovinzoberin gew\u00e4hlt.<\/p>\n<p><strong>1961<\/strong><br \/>Erste Einkleidungen von 3 Novizinnen, Einkleidung Sr. Martha. Erste <br \/>Schwester gestorben, der Schwesternfriedhof wird angelegt.<\/p>\n<p><strong>15.11.1963<\/strong> <br \/>Die Entscheidung f\u00e4llt; das Badhotel wird \u00fcbernommen, und umgestaltet <br \/>zum Sanatorium f\u00fcr Rekonvaleszente und Erholungsbed\u00fcrftige. 36 Betten <br \/>werden eingerichtet. Im Sanatorium wird auch ein Klassenraum f\u00fcr den <br \/>Unterricht bereitgestellt.<\/p>\n<p><strong>24.2.1964<\/strong><br \/>Vertragsunterzeichnung mit Hr. Heberle (ehem. Eigent\u00fcmer). Das Hotel <br \/>(Niedernauer Mineralbad mit Badhotel) wird als Eigentum der Schwestern <br \/>eingetragen.<\/p>\n<p><strong>15.7.1964<\/strong><br \/>Erste G\u00e4sten ziehen ein.<\/p>\n<p><strong>1965<\/strong><br \/>G\u00e4stehaus (heute Archiv Geb\u00e4ude der Di\u00f6zese) wird gr\u00fcndlich renoviert, <br \/>Ausbau f\u00fcr 50 Betten<\/p>\n<p><strong>1967<\/strong><br \/>6 alte verseuchte Quellen werden geschlossen. Erschlie\u00dfung (Tiefbohrungen) von 2 neuen ergiebigen Mineralquellen<br \/>(Calcium-Hydrogen-Carbonat-Sulfat-S\u00e4uerling)<\/p>\n<p><strong>20.10.1968<\/strong><br \/>Die \u00c4nderung der Schwesterntracht wird eingef\u00fchrt.<\/p>\n<p><strong>07.01.1969<\/strong><br \/>20 neue Kurg\u00e4ste (Kassenpatienten) reisen an.<\/p>\n<p><strong>30.06.1969<\/strong><br \/>25 neue Kurg\u00e4ste (Kassenpatienten)reisen an.<\/p>\n<p><strong>25.07.1969<\/strong><br \/>Herr Jeckel wir vom Bisch\u00f6flichen Ordinariat als Gesch\u00e4ftsf\u00fchrer empfohlen.<\/p>\n<p><strong>04.09.1969<\/strong><br \/>Schwesternbesprechung: Thema: Zugeh\u00f6rigkeit zur ungarischen Provinz. Der <br \/>ungarische Bischof v. Kalotscha will Sr. Mediatris zur Generaloberin machen. <br \/>Von 36 Schwestern waren in der Abstimmung nur 7 daf\u00fcr, diese verlassen <br \/>Bad Niedernau und schlie\u00dfen sich dem ungarischen Mutterhaus in M\u00fcnchen <br \/>an.<\/p>\n<p><strong>31.10.1969<\/strong><br \/>Sr. Mediatrix wird Generaloberin in Rom.<\/p>\n<p><strong>05.06.1970<\/strong><br \/>Endg\u00fcltige Absage ans ungarische Mutterhaus, 30 Schwestern stimmen mit <br \/>nein, 1 x mit ja.<\/p>\n<p><strong>1972<\/strong><br \/>Schwesternhaus an der Badstr. 67 (Fritz Keller-Haus) wird als zweites<br \/>G\u00e4stehaus f\u00fcr weitere 13 Betten ausgebaut.<\/p>\n<p><strong>September 1974<\/strong><br \/>Beginn der Bauma\u00dfnahmen neues Kurmittel-\u00a0 und Schwesternhaus mit 15 <br \/>Zimmern (der sp\u00e4tere Altersruhesitz der Schwestern).<\/p>\n<p><strong>15. August 1975<\/strong><br \/>Dekret \u00fcber die \u201eSelbst\u00e4ndigkeit der Kongregation Bisch\u00f6flichen Rechts\u201c <br \/>wurde genehmigt.<\/p>\n<p><strong>04. November 1977<\/strong><br \/>Einweihung des neuen Kurmittelhauses und des Schwesternhauses.<\/p>\n<p><strong>07.November 1977<\/strong><br \/>Beginn des Kurbetriebes.<\/p>\n<p><strong>25.M\u00e4rz 1979<\/strong><br \/>Einweihung der Ged\u00e4chtniskapelle Unserer Lieben Frau, 600 G\u00e4ste sind <br \/>anwesend.<\/p>\n<p><strong>12.Mai 1982<\/strong><br \/>Enth\u00fcllung der Gedenktafel an der Gel\u00f6bniskapelle<\/p>\n<p><strong>26.Juli1983<\/strong><br \/>Die Primiz mit dem aus Hodschag stammenden Priester Josef Vogrin, wird in <br \/>Bad Niedernau feierlich abgehalten.<\/p>\n<p><strong>23.Juli1983<\/strong><br \/>60 Kurg\u00e4ste \u2013 bisher h\u00f6chster Belegungsstand.<\/p>\n<p><strong>31.Mai 1984<\/strong><br \/>Urne aus Erde von Filipowa wurde vor der Gedenktafel beigesetzt.<\/p>\n<p><strong>1984<\/strong> <br \/>Staatliche Anerkennung der Heilquellen.<\/p>\n<p><strong>11. Januar 1985<\/strong><br \/>Bad Niedernau erh\u00e4lt das Pr\u00e4dikat: \u201eOrt mit Heilquellen Kurbetrieb\u201c.<\/p>\n<p><strong>1985<\/strong><br \/>Einstellung des Schulbetriebes der F\u00f6rderschule \u2013 in diesen 27 Jahren <br \/>durchliefen 1822 Sch\u00fclerinnen und weitere 285 Erwachsene (Sp\u00e4taussiedler)<br \/>diese Schule, die sie mit der deutschen Sprache vertraut machten.<br \/><br \/><strong>1989<\/strong><br \/>Einstellung des station\u00e4ren Badebetriebes (Krankenkassenpatienten) aus <br \/>Altersgr\u00fcnden der Schwestern.<\/p>\n<p><strong>2004<\/strong><br \/>Einstellung des ambulanten Badebetriebes. Es sind noch 9 Schwestern am <br \/>Leben, die j\u00fcngste ist 79 Jahre alt.<\/p>\n<p><strong>2008<\/strong><br \/>Hochwasser, Teile des Anwesens werden \u00fcberflutet und zerst\u00f6rt. Auch die <br \/>Kapelle wurde heimgesucht.<\/p>\n<p><strong>01.07.2009<\/strong><br \/>Dem Einzug Hom\u00f6opathische der Arztpraxis im Sanatoriums Geb\u00e4ude durch <br \/>Dr. Huber wurde zugestimmt.<\/p>\n<p><strong>01.08.2009<\/strong><br \/>Hom\u00f6opathische Klinik mit 10 Betten im Sanatoriums Geb\u00e4ude (Dr. Huber) <br \/>er\u00f6ffnet<\/p>\n<p><strong>10.12.2012<\/strong><br \/>Gr\u00fcndung der kirchlichen \u201eStiftung Filipowaer Arme Schulschwestern Unserer <br \/>Lieben Frau von Bad Niedernau.\u201c Es sind noch 5 Schwestern am Leben.<\/p>\n<p><strong>11.08.2013<\/strong><\/p>\n<p>Tod von Sr. Heliodora Meixner.<\/p>\n<p><strong>27.12.2013<\/strong><br \/>Tod der Oberin Sr. Benildis Piller.<\/p>\n<p><strong>11.12.2015<\/strong><br \/>Tod von Sr. Evangelista Meixner.<\/p>\n<p><strong>23.09.2016<\/strong><br \/>Die beiden letzten betagten Schwestern Sr. Mechtildis Eichinger (96) und<br \/>Sr. Borgia Meixner (98) verlassen Bad Niedernau und gehen in ein Pflegeheim <br \/>in Unterhaching bei M\u00fcnchen.<br \/><br \/><strong>04.03.2017<\/strong><br \/>Tod Sr. Borgia, sie wird als letzte Ordensschwester im Friedhofs Bad <br \/>Niedernau beerdigt.<br \/><br \/><strong>2019<\/strong><br \/>Auszug der Hom\u00f6opathischen Klinik aus dem Sanatoriumsgeb\u00e4ude.<\/p>\n<p><strong>21.05. 2020<\/strong><br \/>Errichtung von Stelen zur Erinnerung an die Schwestern und ihrer <br \/>Geburtsregion im Park vor der Kapelle und dem Sanatorium.<\/p>\n<p><strong>28.7.2020<\/strong><br \/>Tod der letzten Bad Niedernauer Ordenschwester, Sr.Mechtildis Eichinger im <br \/>Pflegeheim V\u00f6cklabruck &#8211; Ober\u00f6sterreich, sie wurde im Familiengrab, im <br \/>Friedhof, Neuhart\/Graz, beigesetzt.<\/p>\n<p><strong>Quellen:<\/strong> <br \/>Nach handgeschriebenen Aufzeichnungen der Oberin Sr.Benildis Piller, den <br \/>Aufzeichnungen der Kur\u00e4rztin Frau Dr. Ursula H\u00f6rnle, ab 2008 Daten von Adam <br \/>Kupferschmidt erg\u00e4nzt.<br \/>Bericht: Adam Kupferschmidt<\/p>\n","protected":false},"excerpt":{"rendered":"<p>1957 &#8211;Das Haus am Berg (Steinersche Villa auf der Anh\u00f6he) \u2013das unter Denkmalschutz stehende, ehemaliges Krieger-Erholungsheim wurde k\u00e4uflich f\u00fcr 270.000,-DM erworben. Es soll Heimat f\u00fcr die Armen Schulschwestern Unserer Lieben Frau werden. Am 30.Juni 1957 ziehen die erste Schwestern, Sr. Zenobia, Sr, Lea, Sr. Cherubina und Sr. Emanuela ein. Die fr\u00fchere Heimat war die Batschka &hellip;<\/p>\n<p class=\"read-more\"> <a class=\"\" href=\"http:\/\/neckar-donau-wegekreuz.de\/?page_id=2552\"> <span class=\"screen-reader-text\">Chronologie der Armen Schulschwestern Unserer Lieben Frau in Bad Niedernau<\/span> Read More \u00bb<\/a><\/p>\n","protected":false},"author":1,"featured_media":0,"parent":99,"menu_order":0,"comment_status":"closed","ping_status":"closed","template":"","meta":[],"yoast_head":"<!-- This site is optimized with the Yoast SEO plugin v17.1 - https:\/\/yoast.com\/wordpress\/plugins\/seo\/ -->\n<title>Chronologie der Armen Schulschwestern Unserer Lieben Frau in Bad Niedernau - Neckar-Donau-Wegekreuz<\/title>\n<meta name=\"robots\" content=\"index, follow, max-snippet:-1, max-image-preview:large, max-video-preview:-1\" \/>\n<link rel=\"canonical\" href=\"https:\/\/neckar-donau-wegekreuz.de\/?page_id=2552\" \/>\n<meta property=\"og:locale\" content=\"de_DE\" \/>\n<meta property=\"og:type\" content=\"article\" \/>\n<meta property=\"og:title\" content=\"Chronologie der Armen Schulschwestern Unserer Lieben Frau in Bad Niedernau - Neckar-Donau-Wegekreuz\" \/>\n<meta property=\"og:description\" content=\"1957 &#8211;Das Haus am Berg (Steinersche Villa auf der Anh\u00f6he) \u2013das unter Denkmalschutz stehende, ehemaliges Krieger-Erholungsheim wurde k\u00e4uflich f\u00fcr 270.000,-DM erworben. Es soll Heimat f\u00fcr die Armen Schulschwestern Unserer Lieben Frau werden. Am 30.Juni 1957 ziehen die erste Schwestern, Sr. Zenobia, Sr, Lea, Sr. Cherubina und Sr. Emanuela ein. Die fr\u00fchere Heimat war die Batschka &hellip; Chronologie der Armen Schulschwestern Unserer Lieben Frau in Bad Niedernau Read More \u00bb\" \/>\n<meta property=\"og:url\" content=\"https:\/\/neckar-donau-wegekreuz.de\/?page_id=2552\" \/>\n<meta property=\"og:site_name\" content=\"Neckar-Donau-Wegekreuz\" \/>\n<meta property=\"article:modified_time\" content=\"2021-06-25T09:19:00+00:00\" \/>\n<meta name=\"twitter:card\" content=\"summary_large_image\" \/>\n<meta name=\"twitter:label1\" content=\"Gesch\u00e4tzte Lesezeit\" \/>\n\t<meta name=\"twitter:data1\" content=\"4\u00a0Minuten\" \/>\n<script type=\"application\/ld+json\" class=\"yoast-schema-graph\">{\"@context\":\"https:\/\/schema.org\",\"@graph\":[{\"@type\":\"Organization\",\"@id\":\"https:\/\/neckar-donau-wegekreuz.de\/#organization\",\"name\":\"Neckar-Donau-Wegekreuz\",\"url\":\"https:\/\/neckar-donau-wegekreuz.de\/\",\"sameAs\":[],\"logo\":{\"@type\":\"ImageObject\",\"@id\":\"https:\/\/neckar-donau-wegekreuz.de\/#logo\",\"inLanguage\":\"de\",\"url\":\"http:\/\/neckar-donau-wegekreuz.de\/wp-content\/uploads\/2020\/05\/Logo_NeckarDonauWegeX-kl.png\",\"contentUrl\":\"http:\/\/neckar-donau-wegekreuz.de\/wp-content\/uploads\/2020\/05\/Logo_NeckarDonauWegeX-kl.png\",\"width\":2500,\"height\":2221,\"caption\":\"Neckar-Donau-Wegekreuz\"},\"image\":{\"@id\":\"https:\/\/neckar-donau-wegekreuz.de\/#logo\"}},{\"@type\":\"WebSite\",\"@id\":\"https:\/\/neckar-donau-wegekreuz.de\/#website\",\"url\":\"https:\/\/neckar-donau-wegekreuz.de\/\",\"name\":\"Neckar-Donau-Wegekreuz\",\"description\":\"Menschen, Orte, Zeiten treffen sich!\",\"publisher\":{\"@id\":\"https:\/\/neckar-donau-wegekreuz.de\/#organization\"},\"potentialAction\":[{\"@type\":\"SearchAction\",\"target\":{\"@type\":\"EntryPoint\",\"urlTemplate\":\"https:\/\/neckar-donau-wegekreuz.de\/?s={search_term_string}\"},\"query-input\":\"required name=search_term_string\"}],\"inLanguage\":\"de\"},{\"@type\":\"WebPage\",\"@id\":\"https:\/\/neckar-donau-wegekreuz.de\/?page_id=2552#webpage\",\"url\":\"https:\/\/neckar-donau-wegekreuz.de\/?page_id=2552\",\"name\":\"Chronologie der Armen Schulschwestern Unserer Lieben Frau in Bad Niedernau - Neckar-Donau-Wegekreuz\",\"isPartOf\":{\"@id\":\"https:\/\/neckar-donau-wegekreuz.de\/#website\"},\"datePublished\":\"2021-06-25T09:18:58+00:00\",\"dateModified\":\"2021-06-25T09:19:00+00:00\",\"breadcrumb\":{\"@id\":\"https:\/\/neckar-donau-wegekreuz.de\/?page_id=2552#breadcrumb\"},\"inLanguage\":\"de\",\"potentialAction\":[{\"@type\":\"ReadAction\",\"target\":[\"https:\/\/neckar-donau-wegekreuz.de\/?page_id=2552\"]}]},{\"@type\":\"BreadcrumbList\",\"@id\":\"https:\/\/neckar-donau-wegekreuz.de\/?page_id=2552#breadcrumb\",\"itemListElement\":[{\"@type\":\"ListItem\",\"position\":1,\"name\":\"Startseite\",\"item\":\"https:\/\/neckar-donau-wegekreuz.de\/\"},{\"@type\":\"ListItem\",\"position\":2,\"name\":\"Menschen, Orte, Zeiten treffen sich! \\ufeff\",\"item\":\"https:\/\/neckar-donau-wegekreuz.de\/\"},{\"@type\":\"ListItem\",\"position\":3,\"name\":\"Bad Niedernau\",\"item\":\"https:\/\/neckar-donau-wegekreuz.de\/?page_id=474\"},{\"@type\":\"ListItem\",\"position\":4,\"name\":\"Die Armen Schulschwestern und ihr Bad\",\"item\":\"https:\/\/neckar-donau-wegekreuz.de\/?page_id=99\"},{\"@type\":\"ListItem\",\"position\":5,\"name\":\"Chronologie der Armen Schulschwestern Unserer Lieben Frau in Bad Niedernau\"}]}]}<\/script>\n<!-- \/ Yoast SEO plugin. -->","yoast_head_json":{"title":"Chronologie der Armen Schulschwestern Unserer Lieben Frau in Bad Niedernau - Neckar-Donau-Wegekreuz","robots":{"index":"index","follow":"follow","max-snippet":"max-snippet:-1","max-image-preview":"max-image-preview:large","max-video-preview":"max-video-preview:-1"},"canonical":"https:\/\/neckar-donau-wegekreuz.de\/?page_id=2552","og_locale":"de_DE","og_type":"article","og_title":"Chronologie der Armen Schulschwestern Unserer Lieben Frau in Bad Niedernau - Neckar-Donau-Wegekreuz","og_description":"1957 &#8211;Das Haus am Berg (Steinersche Villa auf der Anh\u00f6he) \u2013das unter Denkmalschutz stehende, ehemaliges Krieger-Erholungsheim wurde k\u00e4uflich f\u00fcr 270.000,-DM erworben. Es soll Heimat f\u00fcr die Armen Schulschwestern Unserer Lieben Frau werden. Am 30.Juni 1957 ziehen die erste Schwestern, Sr. Zenobia, Sr, Lea, Sr. Cherubina und Sr. Emanuela ein. Die fr\u00fchere Heimat war die Batschka &hellip; Chronologie der Armen Schulschwestern Unserer Lieben Frau in Bad Niedernau Read More \u00bb","og_url":"https:\/\/neckar-donau-wegekreuz.de\/?page_id=2552","og_site_name":"Neckar-Donau-Wegekreuz","article_modified_time":"2021-06-25T09:19:00+00:00","twitter_card":"summary_large_image","twitter_misc":{"Gesch\u00e4tzte Lesezeit":"4\u00a0Minuten"},"schema":{"@context":"https:\/\/schema.org","@graph":[{"@type":"Organization","@id":"https:\/\/neckar-donau-wegekreuz.de\/#organization","name":"Neckar-Donau-Wegekreuz","url":"https:\/\/neckar-donau-wegekreuz.de\/","sameAs":[],"logo":{"@type":"ImageObject","@id":"https:\/\/neckar-donau-wegekreuz.de\/#logo","inLanguage":"de","url":"http:\/\/neckar-donau-wegekreuz.de\/wp-content\/uploads\/2020\/05\/Logo_NeckarDonauWegeX-kl.png","contentUrl":"http:\/\/neckar-donau-wegekreuz.de\/wp-content\/uploads\/2020\/05\/Logo_NeckarDonauWegeX-kl.png","width":2500,"height":2221,"caption":"Neckar-Donau-Wegekreuz"},"image":{"@id":"https:\/\/neckar-donau-wegekreuz.de\/#logo"}},{"@type":"WebSite","@id":"https:\/\/neckar-donau-wegekreuz.de\/#website","url":"https:\/\/neckar-donau-wegekreuz.de\/","name":"Neckar-Donau-Wegekreuz","description":"Menschen, Orte, Zeiten treffen sich!","publisher":{"@id":"https:\/\/neckar-donau-wegekreuz.de\/#organization"},"potentialAction":[{"@type":"SearchAction","target":{"@type":"EntryPoint","urlTemplate":"https:\/\/neckar-donau-wegekreuz.de\/?s={search_term_string}"},"query-input":"required name=search_term_string"}],"inLanguage":"de"},{"@type":"WebPage","@id":"https:\/\/neckar-donau-wegekreuz.de\/?page_id=2552#webpage","url":"https:\/\/neckar-donau-wegekreuz.de\/?page_id=2552","name":"Chronologie der Armen Schulschwestern Unserer Lieben Frau in Bad Niedernau - Neckar-Donau-Wegekreuz","isPartOf":{"@id":"https:\/\/neckar-donau-wegekreuz.de\/#website"},"datePublished":"2021-06-25T09:18:58+00:00","dateModified":"2021-06-25T09:19:00+00:00","breadcrumb":{"@id":"https:\/\/neckar-donau-wegekreuz.de\/?page_id=2552#breadcrumb"},"inLanguage":"de","potentialAction":[{"@type":"ReadAction","target":["https:\/\/neckar-donau-wegekreuz.de\/?page_id=2552"]}]},{"@type":"BreadcrumbList","@id":"https:\/\/neckar-donau-wegekreuz.de\/?page_id=2552#breadcrumb","itemListElement":[{"@type":"ListItem","position":1,"name":"Startseite","item":"https:\/\/neckar-donau-wegekreuz.de\/"},{"@type":"ListItem","position":2,"name":"Menschen, Orte, Zeiten treffen sich! \ufeff","item":"https:\/\/neckar-donau-wegekreuz.de\/"},{"@type":"ListItem","position":3,"name":"Bad Niedernau","item":"https:\/\/neckar-donau-wegekreuz.de\/?page_id=474"},{"@type":"ListItem","position":4,"name":"Die Armen Schulschwestern und ihr Bad","item":"https:\/\/neckar-donau-wegekreuz.de\/?page_id=99"},{"@type":"ListItem","position":5,"name":"Chronologie der Armen Schulschwestern Unserer Lieben Frau in Bad Niedernau"}]}]}},"_links":{"self":[{"href":"http:\/\/neckar-donau-wegekreuz.de\/index.php?rest_route=\/wp\/v2\/pages\/2552"}],"collection":[{"href":"http:\/\/neckar-donau-wegekreuz.de\/index.php?rest_route=\/wp\/v2\/pages"}],"about":[{"href":"http:\/\/neckar-donau-wegekreuz.de\/index.php?rest_route=\/wp\/v2\/types\/page"}],"author":[{"embeddable":true,"href":"http:\/\/neckar-donau-wegekreuz.de\/index.php?rest_route=\/wp\/v2\/users\/1"}],"replies":[{"embeddable":true,"href":"http:\/\/neckar-donau-wegekreuz.de\/index.php?rest_route=%2Fwp%2Fv2%2Fcomments&post=2552"}],"version-history":[{"count":3,"href":"http:\/\/neckar-donau-wegekreuz.de\/index.php?rest_route=\/wp\/v2\/pages\/2552\/revisions"}],"predecessor-version":[{"id":2555,"href":"http:\/\/neckar-donau-wegekreuz.de\/index.php?rest_route=\/wp\/v2\/pages\/2552\/revisions\/2555"}],"up":[{"embeddable":true,"href":"http:\/\/neckar-donau-wegekreuz.de\/index.php?rest_route=\/wp\/v2\/pages\/99"}],"wp:attachment":[{"href":"http:\/\/neckar-donau-wegekreuz.de\/index.php?rest_route=%2Fwp%2Fv2%2Fmedia&parent=2552"}],"curies":[{"name":"wp","href":"https:\/\/api.w.org\/{rel}","templated":true}]}}