{"id":406,"date":"2019-04-05T14:30:14","date_gmt":"2019-04-05T14:30:14","guid":{"rendered":"http:\/\/neckar-donau-wegekreuz.de\/?page_id=406"},"modified":"2020-11-06T10:51:43","modified_gmt":"2020-11-06T10:51:43","slug":"schwester-benildis-die-oberin","status":"publish","type":"page","link":"http:\/\/neckar-donau-wegekreuz.de\/?page_id=406","title":{"rendered":"Sie war die Oberin der Armen Schulschwestern &#8211; Schwester Benildis"},"content":{"rendered":"\n<div class=\"wp-block-image\"><figure class=\"aligncenter\"><img loading=\"lazy\" width=\"751\" height=\"1024\" src=\"http:\/\/neckar-donau-wegekreuz.de\/wp-content\/uploads\/2019\/04\/Benildis2-751x1024.jpg\" alt=\"\" class=\"wp-image-420\" srcset=\"http:\/\/neckar-donau-wegekreuz.de\/wp-content\/uploads\/2019\/04\/Benildis2-751x1024.jpg 751w, http:\/\/neckar-donau-wegekreuz.de\/wp-content\/uploads\/2019\/04\/Benildis2-220x300.jpg 220w, http:\/\/neckar-donau-wegekreuz.de\/wp-content\/uploads\/2019\/04\/Benildis2-768x1047.jpg 768w, http:\/\/neckar-donau-wegekreuz.de\/wp-content\/uploads\/2019\/04\/Benildis2-1127x1536.jpg 1127w, http:\/\/neckar-donau-wegekreuz.de\/wp-content\/uploads\/2019\/04\/Benildis2-1503x2048.jpg 1503w, http:\/\/neckar-donau-wegekreuz.de\/wp-content\/uploads\/2019\/04\/Benildis2.jpg 1769w\" sizes=\"(max-width: 751px) 100vw, 751px\" \/><figcaption>Schwester Maria Benildis Piller (1920-2014). Foto: Archiv Stiftung Arme Schulschwestern<\/figcaption><\/figure><\/div>\n\n\n\n<p>Schwester Benildis,  b\u00fcrgerlicher Name Anna Piller, war \u00adOberin der Kongregation der \u201eArmen Schulschwestern Unserer Lieben Frau von Bad Niedernau\u201c. Sie leitete die F\u00f6rderschule und bald auch das neue Sanatorium in Bad Niedernau. Am Gelingen der Aufbauarbeit der F\u00f6rderschule, der Errichtung des Kurmittelhauses und der Errichtung der Gel\u00f6bniskapelle war sie wesentlich beteiligt. Sch\u00fclerinnen und Patienten lernten sie als Frau voller Energie  kennen, resolut und unternehmerisch \u2013 und niemals krank. Geboren in Filipowa, in der jugoslawischen Batschka, erlebte sie als Schulschwester in ihrem Ort, wie die \u00addeutschst\u00e4mmigen Bewohner dort ab 1944 verfolgt,  ermordet, interniert und vertrie\u00adben wurden. Schwester \u00adBenildis war f\u00fcr ihre Landsleute in der neuen Heimat wichtige Ansprec\u00adh stelle und Zeitzeugin. Mit Paul Mesli und Dr. Georg Wildmann war sie Jahrzehnte lang f\u00fcr die Kontakte zu den Landsleuten aktiv. <\/p>\n\n\n\n<div class=\"wp-block-image\"><figure class=\"aligncenter\"><img loading=\"lazy\" width=\"1024\" height=\"766\" src=\"http:\/\/neckar-donau-wegekreuz.de\/wp-content\/uploads\/2019\/04\/Benildis-AlbumNN-1024x766.jpg\" alt=\"\" class=\"wp-image-419\" srcset=\"http:\/\/neckar-donau-wegekreuz.de\/wp-content\/uploads\/2019\/04\/Benildis-AlbumNN-1024x766.jpg 1024w, http:\/\/neckar-donau-wegekreuz.de\/wp-content\/uploads\/2019\/04\/Benildis-AlbumNN-300x224.jpg 300w, http:\/\/neckar-donau-wegekreuz.de\/wp-content\/uploads\/2019\/04\/Benildis-AlbumNN-768x575.jpg 768w, http:\/\/neckar-donau-wegekreuz.de\/wp-content\/uploads\/2019\/04\/Benildis-AlbumNN-1536x1149.jpg 1536w, http:\/\/neckar-donau-wegekreuz.de\/wp-content\/uploads\/2019\/04\/Benildis-AlbumNN.jpg 1576w\" sizes=\"(max-width: 1024px) 100vw, 1024px\" \/><\/figure><\/div>\n\n\n\n<p>Schwester Maria Benildis Piller selbst verlie\u00df Jugoslawien erst 1953, fand Arbeit als Pfarrsekret\u00e4rin in Stuttgart-Rot und war mit dabei, als 1961 in Bad Niedernau die F\u00f6rderschule f\u00fcr Sp\u00e4taussiedlerkinder eingerichtet wurde. \u00dcber 20 Arme Schulschwestern nahmen hier in der ehemaligen Villa des Unternehmers Steiner ihren Dienst als Lehrerinnen, K\u00f6chinnen und Verwalterinnen auf. So konnten sie ihre angestammte Aufgabe weiterf\u00fchren, denn allesamt stammten sie aus Kl\u00f6stern der Armen Schulschwestern in Ungarn, Rum\u00e4nien und Jugoslawien.Einige &#8211; wie Sr. Benildis &#8211; tats\u00e4chlich auch aus dem Kloster in Filiopwa. Die Sch\u00fclerinnen lebten hier f\u00fcr ein Jahr wie in einem Internat. \u00dcber 2000 Sch\u00fclerinnen und Sch\u00fcler lernten so bei ihnen Deutsch und viele andere F\u00e4cher. Viele dieser Lehrerinnen sprachen wie Schwester Benildis deutsch, ungarisch, serbisch und auch kroatisch.  <\/p>\n\n\n\n<div class=\"wp-block-image\"><figure class=\"aligncenter\"><img loading=\"lazy\" width=\"726\" height=\"1024\" src=\"http:\/\/neckar-donau-wegekreuz.de\/wp-content\/uploads\/2019\/04\/Benildis-u-Fr-Kaiser-1977-Album-Gesch32-2-726x1024.jpg\" alt=\"\" class=\"wp-image-417\"\/><figcaption>Schwester Benildis und Frau Kaiser 1977. Sie war der erste Gast im Neubau!<\/figcaption><\/figure><\/div>\n\n\n\n<p>1964, die Sp\u00e4taussiedlerkinderzahlen nahmen ab, da ergriff Sr. Benildis die Initiative, das benachbarte ehemalige Bad-Hotel als Sanatorium zu betreiben. Sie expandierten nach wenigen Jahren. 1977 waren neue Heilquellen erbohrt, das neue Kurmittelhaus und die G\u00e4stezimmer fertig,  1979 weihte man die Kapelle. Zusammen mit der \u00c4rztin Frau Dr. H\u00f6rnle und Mitarbeiterinnen aus dem Ort betreute die 20 Schwestern der Bad Niedernauer Kongregation zahlreiche Patienten bei Ihrer Genesung. In guten Jahren pflegten und verk\u00f6stigten sie 80 Kurg\u00e4ste am Tag. 1989 stellten sie auf ambulanten Betrieb um, 2004 kam das Ende des Sanatoriums &#8211; sie waren noch neun Schwestern, die j\u00fcngste war 79 Jahre alt. Sr. Benilids wurde 93 Jahre alt (1920-2013), sie liegt hier in Bad Niedernau in einem eigenen Bereich des Ordens auf dem Friedhof begraben.<\/p>\n\n\n\n<figure class=\"wp-block-image\"><img loading=\"lazy\" width=\"1024\" height=\"739\" src=\"http:\/\/neckar-donau-wegekreuz.de\/wp-content\/uploads\/2019\/12\/Jahrgang-1919-u.-1920auss-1024x739.jpg\" alt=\"\" class=\"wp-image-1077\"\/><figcaption>Sr. Benildis Piller, Sr. Borgia Meixner und Sr. Heliodora Meixner 1989 an Christi Himmelfahrt mit ihren Jahrgangskollegen aus Filipowa. Die Teilnehmer kamen von \u00fcberall hierher, auch aus \u00dcbersee. Foto: Archiv Freundeskreis Filipowa<\/figcaption><\/figure>\n\n\n\n<p><strong><a href=\"http:\/\/neckar-donau-wegekreuz.de\/?page_id=740\">-&gt; Lesen Sie einen weiteren Bericht \u00fcber das Leben der Schwester Benildis!<\/a><\/strong><\/p>\n\n\n\n<p><strong><a href=\"http:\/\/neckar-donau-wegekreuz.de\/?page_id=99\">-&gt; Die Armen Schulschwestern und ihr Bad<\/a><\/strong><\/p>\n\n\n\n<p><strong><a href=\"http:\/\/neckar-donau-wegekreuz.de\/?page_id=467\">-&gt; \u00dcber die Klosteranlage im einstigen Filipowa<\/a><\/strong><\/p>\n\n\n\n<p><strong><a href=\"http:\/\/neckar-donau-wegekreuz.de\/?page_id=2427\">-> Die kurz gefasste Geschichte des Ordens der Armen Schulschwestern<\/a><\/strong><\/p>\n\n\n","protected":false},"excerpt":{"rendered":"<p>Schwester Benildis, b\u00fcrgerlicher Name Anna Piller, war \u00adOberin der Kongregation der \u201eArmen Schulschwestern Unserer Lieben Frau von Bad Niedernau\u201c. Sie leitete die F\u00f6rderschule und bald auch das neue Sanatorium in Bad Niedernau. Am Gelingen der Aufbauarbeit der F\u00f6rderschule, der Errichtung des Kurmittelhauses und der Errichtung der Gel\u00f6bniskapelle war sie wesentlich beteiligt. Sch\u00fclerinnen und Patienten lernten &hellip;<\/p>\n<p class=\"read-more\"> <a class=\"\" href=\"http:\/\/neckar-donau-wegekreuz.de\/?page_id=406\"> <span class=\"screen-reader-text\">Sie war die Oberin der Armen Schulschwestern &#8211; Schwester Benildis<\/span> Read More \u00bb<\/a><\/p>\n","protected":false},"author":1,"featured_media":0,"parent":11,"menu_order":0,"comment_status":"closed","ping_status":"closed","template":"","meta":[],"yoast_head":"<!-- This site is optimized with the Yoast SEO plugin v17.1 - https:\/\/yoast.com\/wordpress\/plugins\/seo\/ -->\n<title>Sie war die Oberin der Armen Schulschwestern - Schwester Benildis - Neckar-Donau-Wegekreuz<\/title>\n<meta name=\"robots\" content=\"index, follow, max-snippet:-1, max-image-preview:large, max-video-preview:-1\" \/>\n<link rel=\"canonical\" href=\"http:\/\/neckar-donau-wegekreuz.de\/?page_id=406\" \/>\n<meta property=\"og:locale\" content=\"de_DE\" \/>\n<meta property=\"og:type\" content=\"article\" \/>\n<meta property=\"og:title\" content=\"Sie war die Oberin der Armen Schulschwestern - Schwester Benildis - Neckar-Donau-Wegekreuz\" \/>\n<meta property=\"og:description\" content=\"Schwester Benildis, b\u00fcrgerlicher Name Anna Piller, war \u00adOberin der Kongregation der \u201eArmen Schulschwestern Unserer Lieben Frau von Bad Niedernau\u201c. Sie leitete die F\u00f6rderschule und bald auch das neue Sanatorium in Bad Niedernau. Am Gelingen der Aufbauarbeit der F\u00f6rderschule, der Errichtung des Kurmittelhauses und der Errichtung der Gel\u00f6bniskapelle war sie wesentlich beteiligt. Sch\u00fclerinnen und Patienten lernten &hellip; Sie war die Oberin der Armen Schulschwestern &#8211; Schwester Benildis Read More \u00bb\" \/>\n<meta property=\"og:url\" content=\"http:\/\/neckar-donau-wegekreuz.de\/?page_id=406\" \/>\n<meta property=\"og:site_name\" content=\"Neckar-Donau-Wegekreuz\" \/>\n<meta property=\"article:modified_time\" content=\"2020-11-06T10:51:43+00:00\" \/>\n<meta property=\"og:image\" content=\"http:\/\/neckar-donau-wegekreuz.de\/wp-content\/uploads\/2019\/04\/Benildis2-751x1024.jpg\" \/>\n<meta name=\"twitter:card\" content=\"summary_large_image\" \/>\n<meta name=\"twitter:label1\" content=\"Gesch\u00e4tzte Lesezeit\" \/>\n\t<meta name=\"twitter:data1\" content=\"2\u00a0Minuten\" \/>\n<script type=\"application\/ld+json\" class=\"yoast-schema-graph\">{\"@context\":\"https:\/\/schema.org\",\"@graph\":[{\"@type\":\"Organization\",\"@id\":\"https:\/\/neckar-donau-wegekreuz.de\/#organization\",\"name\":\"Neckar-Donau-Wegekreuz\",\"url\":\"https:\/\/neckar-donau-wegekreuz.de\/\",\"sameAs\":[],\"logo\":{\"@type\":\"ImageObject\",\"@id\":\"https:\/\/neckar-donau-wegekreuz.de\/#logo\",\"inLanguage\":\"de\",\"url\":\"http:\/\/neckar-donau-wegekreuz.de\/wp-content\/uploads\/2020\/05\/Logo_NeckarDonauWegeX-kl.png\",\"contentUrl\":\"http:\/\/neckar-donau-wegekreuz.de\/wp-content\/uploads\/2020\/05\/Logo_NeckarDonauWegeX-kl.png\",\"width\":2500,\"height\":2221,\"caption\":\"Neckar-Donau-Wegekreuz\"},\"image\":{\"@id\":\"https:\/\/neckar-donau-wegekreuz.de\/#logo\"}},{\"@type\":\"WebSite\",\"@id\":\"https:\/\/neckar-donau-wegekreuz.de\/#website\",\"url\":\"https:\/\/neckar-donau-wegekreuz.de\/\",\"name\":\"Neckar-Donau-Wegekreuz\",\"description\":\"Menschen, Orte, Zeiten treffen sich!\",\"publisher\":{\"@id\":\"https:\/\/neckar-donau-wegekreuz.de\/#organization\"},\"potentialAction\":[{\"@type\":\"SearchAction\",\"target\":{\"@type\":\"EntryPoint\",\"urlTemplate\":\"https:\/\/neckar-donau-wegekreuz.de\/?s={search_term_string}\"},\"query-input\":\"required name=search_term_string\"}],\"inLanguage\":\"de\"},{\"@type\":\"ImageObject\",\"@id\":\"http:\/\/neckar-donau-wegekreuz.de\/?page_id=406#primaryimage\",\"inLanguage\":\"de\",\"url\":\"http:\/\/neckar-donau-wegekreuz.de\/wp-content\/uploads\/2019\/04\/Benildis2.jpg\",\"contentUrl\":\"http:\/\/neckar-donau-wegekreuz.de\/wp-content\/uploads\/2019\/04\/Benildis2.jpg\",\"width\":1769,\"height\":2411},{\"@type\":\"WebPage\",\"@id\":\"http:\/\/neckar-donau-wegekreuz.de\/?page_id=406#webpage\",\"url\":\"http:\/\/neckar-donau-wegekreuz.de\/?page_id=406\",\"name\":\"Sie war die Oberin der Armen Schulschwestern - Schwester Benildis - Neckar-Donau-Wegekreuz\",\"isPartOf\":{\"@id\":\"https:\/\/neckar-donau-wegekreuz.de\/#website\"},\"primaryImageOfPage\":{\"@id\":\"http:\/\/neckar-donau-wegekreuz.de\/?page_id=406#primaryimage\"},\"datePublished\":\"2019-04-05T14:30:14+00:00\",\"dateModified\":\"2020-11-06T10:51:43+00:00\",\"breadcrumb\":{\"@id\":\"http:\/\/neckar-donau-wegekreuz.de\/?page_id=406#breadcrumb\"},\"inLanguage\":\"de\",\"potentialAction\":[{\"@type\":\"ReadAction\",\"target\":[\"http:\/\/neckar-donau-wegekreuz.de\/?page_id=406\"]}]},{\"@type\":\"BreadcrumbList\",\"@id\":\"http:\/\/neckar-donau-wegekreuz.de\/?page_id=406#breadcrumb\",\"itemListElement\":[{\"@type\":\"ListItem\",\"position\":1,\"name\":\"Startseite\",\"item\":\"https:\/\/neckar-donau-wegekreuz.de\/\"},{\"@type\":\"ListItem\",\"position\":2,\"name\":\"Menschen, Orte, Zeiten treffen sich! \\ufeff\",\"item\":\"https:\/\/neckar-donau-wegekreuz.de\/\"},{\"@type\":\"ListItem\",\"position\":3,\"name\":\"Die Installation &#8222;Wegekreuz&#8220;\",\"item\":\"https:\/\/neckar-donau-wegekreuz.de\/?page_id=11\"},{\"@type\":\"ListItem\",\"position\":4,\"name\":\"Sie war die Oberin der Armen Schulschwestern &#8211; Schwester Benildis\"}]}]}<\/script>\n<!-- \/ Yoast SEO plugin. -->","yoast_head_json":{"title":"Sie war die Oberin der Armen Schulschwestern - Schwester Benildis - Neckar-Donau-Wegekreuz","robots":{"index":"index","follow":"follow","max-snippet":"max-snippet:-1","max-image-preview":"max-image-preview:large","max-video-preview":"max-video-preview:-1"},"canonical":"http:\/\/neckar-donau-wegekreuz.de\/?page_id=406","og_locale":"de_DE","og_type":"article","og_title":"Sie war die Oberin der Armen Schulschwestern - Schwester Benildis - Neckar-Donau-Wegekreuz","og_description":"Schwester Benildis, b\u00fcrgerlicher Name Anna Piller, war \u00adOberin der Kongregation der \u201eArmen Schulschwestern Unserer Lieben Frau von Bad Niedernau\u201c. Sie leitete die F\u00f6rderschule und bald auch das neue Sanatorium in Bad Niedernau. Am Gelingen der Aufbauarbeit der F\u00f6rderschule, der Errichtung des Kurmittelhauses und der Errichtung der Gel\u00f6bniskapelle war sie wesentlich beteiligt. Sch\u00fclerinnen und Patienten lernten &hellip; Sie war die Oberin der Armen Schulschwestern &#8211; Schwester Benildis Read More \u00bb","og_url":"http:\/\/neckar-donau-wegekreuz.de\/?page_id=406","og_site_name":"Neckar-Donau-Wegekreuz","article_modified_time":"2020-11-06T10:51:43+00:00","og_image":[{"url":"http:\/\/neckar-donau-wegekreuz.de\/wp-content\/uploads\/2019\/04\/Benildis2-751x1024.jpg"}],"twitter_card":"summary_large_image","twitter_misc":{"Gesch\u00e4tzte Lesezeit":"2\u00a0Minuten"},"schema":{"@context":"https:\/\/schema.org","@graph":[{"@type":"Organization","@id":"https:\/\/neckar-donau-wegekreuz.de\/#organization","name":"Neckar-Donau-Wegekreuz","url":"https:\/\/neckar-donau-wegekreuz.de\/","sameAs":[],"logo":{"@type":"ImageObject","@id":"https:\/\/neckar-donau-wegekreuz.de\/#logo","inLanguage":"de","url":"http:\/\/neckar-donau-wegekreuz.de\/wp-content\/uploads\/2020\/05\/Logo_NeckarDonauWegeX-kl.png","contentUrl":"http:\/\/neckar-donau-wegekreuz.de\/wp-content\/uploads\/2020\/05\/Logo_NeckarDonauWegeX-kl.png","width":2500,"height":2221,"caption":"Neckar-Donau-Wegekreuz"},"image":{"@id":"https:\/\/neckar-donau-wegekreuz.de\/#logo"}},{"@type":"WebSite","@id":"https:\/\/neckar-donau-wegekreuz.de\/#website","url":"https:\/\/neckar-donau-wegekreuz.de\/","name":"Neckar-Donau-Wegekreuz","description":"Menschen, Orte, Zeiten treffen sich!","publisher":{"@id":"https:\/\/neckar-donau-wegekreuz.de\/#organization"},"potentialAction":[{"@type":"SearchAction","target":{"@type":"EntryPoint","urlTemplate":"https:\/\/neckar-donau-wegekreuz.de\/?s={search_term_string}"},"query-input":"required name=search_term_string"}],"inLanguage":"de"},{"@type":"ImageObject","@id":"http:\/\/neckar-donau-wegekreuz.de\/?page_id=406#primaryimage","inLanguage":"de","url":"http:\/\/neckar-donau-wegekreuz.de\/wp-content\/uploads\/2019\/04\/Benildis2.jpg","contentUrl":"http:\/\/neckar-donau-wegekreuz.de\/wp-content\/uploads\/2019\/04\/Benildis2.jpg","width":1769,"height":2411},{"@type":"WebPage","@id":"http:\/\/neckar-donau-wegekreuz.de\/?page_id=406#webpage","url":"http:\/\/neckar-donau-wegekreuz.de\/?page_id=406","name":"Sie war die Oberin der Armen Schulschwestern - Schwester Benildis - Neckar-Donau-Wegekreuz","isPartOf":{"@id":"https:\/\/neckar-donau-wegekreuz.de\/#website"},"primaryImageOfPage":{"@id":"http:\/\/neckar-donau-wegekreuz.de\/?page_id=406#primaryimage"},"datePublished":"2019-04-05T14:30:14+00:00","dateModified":"2020-11-06T10:51:43+00:00","breadcrumb":{"@id":"http:\/\/neckar-donau-wegekreuz.de\/?page_id=406#breadcrumb"},"inLanguage":"de","potentialAction":[{"@type":"ReadAction","target":["http:\/\/neckar-donau-wegekreuz.de\/?page_id=406"]}]},{"@type":"BreadcrumbList","@id":"http:\/\/neckar-donau-wegekreuz.de\/?page_id=406#breadcrumb","itemListElement":[{"@type":"ListItem","position":1,"name":"Startseite","item":"https:\/\/neckar-donau-wegekreuz.de\/"},{"@type":"ListItem","position":2,"name":"Menschen, Orte, Zeiten treffen sich! \ufeff","item":"https:\/\/neckar-donau-wegekreuz.de\/"},{"@type":"ListItem","position":3,"name":"Die Installation &#8222;Wegekreuz&#8220;","item":"https:\/\/neckar-donau-wegekreuz.de\/?page_id=11"},{"@type":"ListItem","position":4,"name":"Sie war die Oberin der Armen Schulschwestern &#8211; Schwester Benildis"}]}]}},"_links":{"self":[{"href":"http:\/\/neckar-donau-wegekreuz.de\/index.php?rest_route=\/wp\/v2\/pages\/406"}],"collection":[{"href":"http:\/\/neckar-donau-wegekreuz.de\/index.php?rest_route=\/wp\/v2\/pages"}],"about":[{"href":"http:\/\/neckar-donau-wegekreuz.de\/index.php?rest_route=\/wp\/v2\/types\/page"}],"author":[{"embeddable":true,"href":"http:\/\/neckar-donau-wegekreuz.de\/index.php?rest_route=\/wp\/v2\/users\/1"}],"replies":[{"embeddable":true,"href":"http:\/\/neckar-donau-wegekreuz.de\/index.php?rest_route=%2Fwp%2Fv2%2Fcomments&post=406"}],"version-history":[{"count":15,"href":"http:\/\/neckar-donau-wegekreuz.de\/index.php?rest_route=\/wp\/v2\/pages\/406\/revisions"}],"predecessor-version":[{"id":2433,"href":"http:\/\/neckar-donau-wegekreuz.de\/index.php?rest_route=\/wp\/v2\/pages\/406\/revisions\/2433"}],"up":[{"embeddable":true,"href":"http:\/\/neckar-donau-wegekreuz.de\/index.php?rest_route=\/wp\/v2\/pages\/11"}],"wp:attachment":[{"href":"http:\/\/neckar-donau-wegekreuz.de\/index.php?rest_route=%2Fwp%2Fv2%2Fmedia&parent=406"}],"curies":[{"name":"wp","href":"https:\/\/api.w.org\/{rel}","templated":true}]}}