{"id":474,"date":"2019-05-09T21:50:09","date_gmt":"2019-05-09T21:50:09","guid":{"rendered":"http:\/\/neckar-donau-wegekreuz.de\/?page_id=474"},"modified":"2020-11-15T17:38:27","modified_gmt":"2020-11-15T17:38:27","slug":"bad-niedernau","status":"publish","type":"page","link":"http:\/\/neckar-donau-wegekreuz.de\/?page_id=474","title":{"rendered":"Bad Niedernau"},"content":{"rendered":"\n<p><strong>Die Geschichte des Niedernauer Bades<\/strong> <br>Von <a href=\"http:\/\/neckar-donau-wegekreuz.de\/?page_id=114\"><strong>Dr. Ursula H\u00f6rnle<\/strong><\/a>, Bade\u00e4rztin in Bad Niedernau [1980er Jahre]<\/p>\n<p>&nbsp;<\/p>\n\n\n\n<figure class=\"wp-block-image\"><img loading=\"lazy\" width=\"1024\" height=\"658\" src=\"http:\/\/neckar-donau-wegekreuz.de\/wp-content\/uploads\/2019\/05\/Ansichtskartenum1905-unten-1024x658.jpg\" alt=\"\" class=\"wp-image-476\" srcset=\"http:\/\/neckar-donau-wegekreuz.de\/wp-content\/uploads\/2019\/05\/Ansichtskartenum1905-unten-1024x658.jpg 1024w, http:\/\/neckar-donau-wegekreuz.de\/wp-content\/uploads\/2019\/05\/Ansichtskartenum1905-unten-300x193.jpg 300w, http:\/\/neckar-donau-wegekreuz.de\/wp-content\/uploads\/2019\/05\/Ansichtskartenum1905-unten-768x494.jpg 768w, http:\/\/neckar-donau-wegekreuz.de\/wp-content\/uploads\/2019\/05\/Ansichtskartenum1905-unten-1536x988.jpg 1536w, http:\/\/neckar-donau-wegekreuz.de\/wp-content\/uploads\/2019\/05\/Ansichtskartenum1905-unten.jpg 1616w\" sizes=\"(max-width: 1024px) 100vw, 1024px\" \/><figcaption>Ansichtskarte aus der Zeit um 1900. Archiv Stiftung Arme Schulschwestern.<\/figcaption><\/figure>\n\n\n\n<p>Im ganzen oberen Neckartal und seinen Nebent\u00e4lern sind seit alters her kohlens\u00e4urehaltige Mineralquellen (sog. S\u00e4uerlinge) bekannt, die zu Heil- und Trinkzwecken genutzt wurden. Die Art der W\u00e4sser ist verschieden, je nachdem, welche Mineralien sie aus dem Gestein herausgel\u00f6st haben. <br> In Niedernau bestanden zeitweise mehr als sechs Quellen, die aber teilweise versandet sind. Heute existieren noch drei Quellen: Die R\u00f6merquelle, die Sanatoriumsquelle und die Karlsquelle.<\/p>\n\n\n\n<div class=\"wp-block-image\"><figure class=\"aligncenter\"><img loading=\"lazy\" width=\"599\" height=\"1024\" src=\"http:\/\/neckar-donau-wegekreuz.de\/wp-content\/uploads\/2019\/05\/apollo-grannus-auss-599x1024.jpg\" alt=\"\" class=\"wp-image-477\" srcset=\"http:\/\/neckar-donau-wegekreuz.de\/wp-content\/uploads\/2019\/05\/apollo-grannus-auss-599x1024.jpg 599w, http:\/\/neckar-donau-wegekreuz.de\/wp-content\/uploads\/2019\/05\/apollo-grannus-auss-175x300.jpg 175w, http:\/\/neckar-donau-wegekreuz.de\/wp-content\/uploads\/2019\/05\/apollo-grannus-auss.jpg 677w\" sizes=\"(max-width: 599px) 100vw, 599px\" \/><figcaption>Dieses Relief stellt den r\u00f6mischen Gott Apollo Granus dar. Es wurde 1836 bei der Wiederentdeckung der r\u00f6mischen Quelle ausgegraben.<\/figcaption><\/figure><\/div>\n\n\n\n<p>Von 100 \u2013 300 n.Chr. wurde eine Mineralquelle im Katzenbachtal ( heute R\u00f6merquelle genannt) von den R\u00f6mern der nahegelegenen Stadt Sumelocenna als Quellheiligtum genutzt. 1836 fand der Besitzer des damaligen Badhotels einen versch\u00fctteten, gemauerten Brunnenschacht und in 12 m Tiefe ein 45 cm hohes Steinrelief des Brunnengottes Apollo Grannus. Dies war ein keltischer Gott, den die R\u00f6mer mit ihrem Gott Apollo identifizierten. L\u00e4ngs des Rheines war er ein von den R\u00f6mern viel verwendeter Heilgott. Das Wasser wurde getrunken, um die heilsame Kraft des Gottes aufzunehmen.<br>\n Im Brunnenschacht fanden sich au\u00dferdem ca. 300 r\u00f6m. M\u00fcnzen aus der Zeit von Vespasian (72n.Chr.) bis Valentinian (364 n.Chr.), die von den R\u00f6mern als Dankopfer in den Brunnen geworfen wurden. Die Heilquelle blieb also noch nach dem Abzug der R\u00f6mer um 260 in Benutzung, wurde dann aber von Erdmassen der nahegelegenen Marienschlucht versch\u00fcttet und geriet in Vergessenheit.<\/p>\n\n\n\n<p>Im Mittelalter wurden die Niedernauer Quellen von der einheimischen Bev\u00f6lkerung Rottenburgs und der umliegenden D\u00f6rfer genutzt und waren sehr gesch\u00e4tzt. Im  Buch \u201e Der neue Wasserschatz\u201c  schreibt der Autor Tabernaemontanus 1584 \u00fcber Niedernau: \u201e Es hat dieser heylsame Sauerbrunn die Kraft und Eigenschaft d\u00fcnn zu machen, zu erw\u00e4rmen, zu reynigen, zu hey len und zu stercken.\u201c<\/p>\n\n\n\n<p>Ab 1489 befand sich hier ein Gasthaus und Badhaus, das bis 1800 mehrmals unter verschiedenen Besitzern erneuert wurde.<\/p>\n\n\n\n<p> 1804  kaufte der Arzt Dr. Franz Xaver Raidt den Besitz und brachte ihn zu einem bisher nicht erreichten Ansehen. Er errichtete ein Badhotel und fand mehrere zus\u00e4tzliche Mineralquellen in seinem Areal. Im Badehaus wurde das erw\u00e4rmte Quellwasser in Holzzubern als Kohlens\u00e4urebad verabreicht. Es entwickelte sich ein reger Hotel-und Badebetrieb mit vielen kulturellen und literarischen Aktivit\u00e4ten. Mehrere  Dichter der Romantik,  Berthold Auerbach, G.H\u00e4cker und Ottilie Wildermuth kamen regelm\u00e4\u00dfig zur Sommerfrische und verfassten viele Gedichte \u00fcber Niedernau. <\/p>\n\n\n\n<p><strong><a href=\"http:\/\/neckar-donau-wegekreuz.de\/?page_id=133\">-&gt; Lesen Sie mehr \u00fcber Franz Xaver Raidt!<\/a><\/strong><\/p>\n\n\n\n<figure class=\"wp-block-image\"><img loading=\"lazy\" width=\"1024\" height=\"626\" src=\"http:\/\/neckar-donau-wegekreuz.de\/wp-content\/uploads\/2019\/05\/R\u00f6merquelle19.Jhauss-1024x626.jpg\" alt=\"\" class=\"wp-image-478\" srcset=\"http:\/\/neckar-donau-wegekreuz.de\/wp-content\/uploads\/2019\/05\/R\u00f6merquelle19.Jhauss-1024x626.jpg 1024w, http:\/\/neckar-donau-wegekreuz.de\/wp-content\/uploads\/2019\/05\/R\u00f6merquelle19.Jhauss-300x184.jpg 300w, http:\/\/neckar-donau-wegekreuz.de\/wp-content\/uploads\/2019\/05\/R\u00f6merquelle19.Jhauss-768x470.jpg 768w, http:\/\/neckar-donau-wegekreuz.de\/wp-content\/uploads\/2019\/05\/R\u00f6merquelle19.Jhauss.jpg 1370w\" sizes=\"(max-width: 1024px) 100vw, 1024px\" \/><figcaption>Franz Xaver Raidt lie\u00df \u00fcber der wiederentdeckten Quelle ein Quellhaus bauen und nannte sie R\u00f6merquelle.<\/figcaption><\/figure>\n\n\n\n<p>1840 besuchte K\u00f6nig Wilhelm I von W\u00fcrttemberg mit der k\u00f6niglichen Familie das Badehotel in Niedernau. Es war inzwischen hochgelobt und in h\u00f6chsten Kreisen angesehen. <\/p>\n\n\n\n<figure class=\"wp-block-image\"><img loading=\"lazy\" width=\"1024\" height=\"684\" src=\"http:\/\/neckar-donau-wegekreuz.de\/wp-content\/uploads\/2019\/05\/Ansicht-19.Jh-auss-1024x684.jpg\" alt=\"\" class=\"wp-image-479\" srcset=\"http:\/\/neckar-donau-wegekreuz.de\/wp-content\/uploads\/2019\/05\/Ansicht-19.Jh-auss-1024x684.jpg 1024w, http:\/\/neckar-donau-wegekreuz.de\/wp-content\/uploads\/2019\/05\/Ansicht-19.Jh-auss-300x201.jpg 300w, http:\/\/neckar-donau-wegekreuz.de\/wp-content\/uploads\/2019\/05\/Ansicht-19.Jh-auss-768x513.jpg 768w, http:\/\/neckar-donau-wegekreuz.de\/wp-content\/uploads\/2019\/05\/Ansicht-19.Jh-auss-1536x1027.jpg 1536w, http:\/\/neckar-donau-wegekreuz.de\/wp-content\/uploads\/2019\/05\/Ansicht-19.Jh-auss.jpg 1915w\" sizes=\"(max-width: 1024px) 100vw, 1024px\" \/><figcaption>Kupferstich 19. Jh. &#8222;Niedernau&#8220;<\/figcaption><\/figure>\n\n\n\n<p><br> 1866 baute sein Enkel, Gustav Raidt, ein neues Sommerhaus f\u00fcr 25 G\u00e4ste. Wenige Jahre sp\u00e4ter,  1869, verbrachte auch K\u00f6nig Wilhelm II. einige Zeit in Niedernau, das zum bekanntesten Badeort in W\u00fcrttemberg geworden war. So hatte auch der Stuttgarter Bankier Kilian von Steiner ein Sommerhaus f\u00fcr seinen Freundeskreis  in der N\u00e4he des Badhotels erbauen lassen. Der gute Ruf des Hotels und der Quellen blieb erhalten, so dass  1898 erneut K\u00f6nig Wilhelm II. mit Familie sich hier erholte. <\/p>\n\n\n\n<p><strong><a href=\"http:\/\/neckar-donau-wegekreuz.de\/?page_id=136\">-&gt; Mehr \u00fcber Kilian von Steiner im Neckar-Donau-Wegekreuz<\/a><\/strong><\/p>\n\n\n\n<figure class=\"wp-block-image\"><img loading=\"lazy\" width=\"1024\" height=\"671\" src=\"http:\/\/neckar-donau-wegekreuz.de\/wp-content\/uploads\/2019\/05\/Ansicht1851auss-1024x671.jpg\" alt=\"\" class=\"wp-image-480\" srcset=\"http:\/\/neckar-donau-wegekreuz.de\/wp-content\/uploads\/2019\/05\/Ansicht1851auss-1024x671.jpg 1024w, http:\/\/neckar-donau-wegekreuz.de\/wp-content\/uploads\/2019\/05\/Ansicht1851auss-300x197.jpg 300w, http:\/\/neckar-donau-wegekreuz.de\/wp-content\/uploads\/2019\/05\/Ansicht1851auss-768x503.jpg 768w, http:\/\/neckar-donau-wegekreuz.de\/wp-content\/uploads\/2019\/05\/Ansicht1851auss-1536x1007.jpg 1536w, http:\/\/neckar-donau-wegekreuz.de\/wp-content\/uploads\/2019\/05\/Ansicht1851auss.jpg 1994w\" sizes=\"(max-width: 1024px) 100vw, 1024px\" \/><figcaption>Kupferstich nach einem Reprint, das das Original auf 1851 datiert. Das Attribut &#8222;Bad&#8220; hat der Ort erst 1936 verliehen bekommen.<\/figcaption><\/figure>\n\n\n\n<figure class=\"wp-block-image\"><img loading=\"lazy\" width=\"1024\" height=\"706\" src=\"http:\/\/neckar-donau-wegekreuz.de\/wp-content\/uploads\/2019\/05\/Badhotel-Album-Geschichte24-7-1024x706.jpg\" alt=\"\" class=\"wp-image-481\" srcset=\"http:\/\/neckar-donau-wegekreuz.de\/wp-content\/uploads\/2019\/05\/Badhotel-Album-Geschichte24-7-1024x706.jpg 1024w, http:\/\/neckar-donau-wegekreuz.de\/wp-content\/uploads\/2019\/05\/Badhotel-Album-Geschichte24-7-300x207.jpg 300w, http:\/\/neckar-donau-wegekreuz.de\/wp-content\/uploads\/2019\/05\/Badhotel-Album-Geschichte24-7-768x530.jpg 768w, http:\/\/neckar-donau-wegekreuz.de\/wp-content\/uploads\/2019\/05\/Badhotel-Album-Geschichte24-7-1536x1059.jpg 1536w, http:\/\/neckar-donau-wegekreuz.de\/wp-content\/uploads\/2019\/05\/Badhotel-Album-Geschichte24-7-2048x1412.jpg 2048w\" sizes=\"(max-width: 1024px) 100vw, 1024px\" \/><figcaption>Das Badhotel um die Jahrhundertwende. Foto Archiv Stiftung Arme Schulschwestern<\/figcaption><\/figure>\n\n\n\n<p>1914 endete der Bade- und Hotelbetrieb der Familie Raidt, das Badhotel wurde bis 1918 zum Lazarett.<br> 1922 erwarb der w\u00fcrttembergische Handwerkerverein das Haus und nutzte es als Erholungsheim.<\/p>\n\n\n\n<p>1929 kaufte Thomas Heberle aus Stuttgart das Badhotel. Er errichtete eine gehobene Gastronomie mit vielen Festlichkeiten. Es entstand wieder ein reger Hotelbetrieb wie im 19. Jahrhundert, der ein Anziehungspunkt im weiten Umkreis war , aber mit dem Beginn des 2. Weltkrieges war auch diese Episode zu Ende.<\/p>\n\n\n\n<figure class=\"wp-block-image\"><img loading=\"lazy\" width=\"958\" height=\"1024\" src=\"http:\/\/neckar-donau-wegekreuz.de\/wp-content\/uploads\/2019\/05\/Prospekt-Heberle-958x1024.jpg\" alt=\"\" class=\"wp-image-482\" srcset=\"http:\/\/neckar-donau-wegekreuz.de\/wp-content\/uploads\/2019\/05\/Prospekt-Heberle-958x1024.jpg 958w, http:\/\/neckar-donau-wegekreuz.de\/wp-content\/uploads\/2019\/05\/Prospekt-Heberle-281x300.jpg 281w, http:\/\/neckar-donau-wegekreuz.de\/wp-content\/uploads\/2019\/05\/Prospekt-Heberle-768x821.jpg 768w, http:\/\/neckar-donau-wegekreuz.de\/wp-content\/uploads\/2019\/05\/Prospekt-Heberle-1437x1536.jpg 1437w, http:\/\/neckar-donau-wegekreuz.de\/wp-content\/uploads\/2019\/05\/Prospekt-Heberle-1916x2048.jpg 1916w\" sizes=\"(max-width: 958px) 100vw, 958px\" \/><figcaption>Thomas Heberle warb mit der R\u00f6merquelle und mit dem Erkerzimmer. Er bot &#8222;60 behaglich und neuzeitlich eingerichtete Fremdenzimmer mit \u00fcber 100 Betten, ausgedehnte R\u00e4umlichkeiten, Lese- und Schreibzimmer und einen Tanzsaal \u2026 das angegliederte Badehaus mit 10 gut ausgestatteten Kabinen gibt Gelegenheit, kurgem\u00e4\u00df Schwefel-, Stahl- und Kohlens\u00e4ureb\u00e4der zu nehmen.&#8220;<\/figcaption><\/figure>\n\n\n\n<p>1947 -49 wurden die Hotelgeb\u00e4ude als Fl\u00fcchtlingslager genutzt.  <\/p>\n\n\n\n<p>1953 Renovierung durch Thomas Heberle und Wiederinbetriebnahme der Badekuren.<\/p>\n\n\n\n<p>1963  erwarb das Bisch\u00f6fliche Ordinariat Rottenburg das leerstehende Anwesen des Badhotels und die Geb\u00e4ude des Kilian v. Steiner und \u00fcbertrug es 1964 der Kongregation der Armen Schulschwestern, die es zu einem Sanatorium f\u00fcr Erholungssuchende ausbaute.<\/p>\n\n\n\n<p><strong><a href=\"http:\/\/neckar-donau-wegekreuz.de\/?page_id=99\">-&gt; Die Armen Schulschwestern und ihr Bad<\/a><\/strong><\/p>\n\n\n\n<p><\/p>\n\n\n\n<figure class=\"wp-block-image\"><img loading=\"lazy\" width=\"1024\" height=\"663\" src=\"http:\/\/neckar-donau-wegekreuz.de\/wp-content\/uploads\/2019\/05\/Ansicht1964auss-1024x663.jpg\" alt=\"\" class=\"wp-image-483\" srcset=\"http:\/\/neckar-donau-wegekreuz.de\/wp-content\/uploads\/2019\/05\/Ansicht1964auss-1024x663.jpg 1024w, http:\/\/neckar-donau-wegekreuz.de\/wp-content\/uploads\/2019\/05\/Ansicht1964auss-300x194.jpg 300w, http:\/\/neckar-donau-wegekreuz.de\/wp-content\/uploads\/2019\/05\/Ansicht1964auss-768x497.jpg 768w, http:\/\/neckar-donau-wegekreuz.de\/wp-content\/uploads\/2019\/05\/Ansicht1964auss.jpg 1309w\" sizes=\"(max-width: 1024px) 100vw, 1024px\" \/><figcaption>Archiv Stiftung Arme Schulschwestern<\/figcaption><\/figure>\n\n\n\n<p><br> 1966  wurde als Ersatz f\u00fcr die versandeten Heilqellen eine neue Quelle &#8211; die Sanatoriumsquelle &#8211; erbohrt<\/p>\n\n\n\n<p><br> 1974-77 lie\u00dfen die Armen Schulschwestern ein neues Kurmittelhaus mit Schwimmbad, sowie ein neues G\u00e4stehaus bauen.<\/p>\n\n\n\n<div class=\"wp-block-image\"><figure class=\"aligncenter\"><img loading=\"lazy\" width=\"750\" height=\"1024\" src=\"http:\/\/neckar-donau-wegekreuz.de\/wp-content\/uploads\/2019\/05\/Luftbild1979auss-750x1024.jpg\" alt=\"\" class=\"wp-image-484\" srcset=\"http:\/\/neckar-donau-wegekreuz.de\/wp-content\/uploads\/2019\/05\/Luftbild1979auss-750x1024.jpg 750w, http:\/\/neckar-donau-wegekreuz.de\/wp-content\/uploads\/2019\/05\/Luftbild1979auss-220x300.jpg 220w, http:\/\/neckar-donau-wegekreuz.de\/wp-content\/uploads\/2019\/05\/Luftbild1979auss-768x1049.jpg 768w, http:\/\/neckar-donau-wegekreuz.de\/wp-content\/uploads\/2019\/05\/Luftbild1979auss-1125x1536.jpg 1125w, http:\/\/neckar-donau-wegekreuz.de\/wp-content\/uploads\/2019\/05\/Luftbild1979auss.jpg 1232w\" sizes=\"(max-width: 750px) 100vw, 750px\" \/><figcaption>Luftbild von 1979. Archiv Stiftung Arme Schulschwestern<\/figcaption><\/figure><\/div>\n\n\n\n<p><br> 1979 konnte die neue Ged\u00e4chtniskapelle zu unserer lieben Frau eingeweiht werden.<\/p>\n\n\n\n<p><br> 1989 musste leider der station\u00e4re Kurbetrieb aus Altersgr\u00fcnden eingestellt werden und nur noch der ambulante Badebetrieb wurde bis 2004 fortgef\u00fchrt.<\/p>\n\n\n\n<figure class=\"wp-block-image\"><img loading=\"lazy\" width=\"1015\" height=\"1024\" src=\"http:\/\/neckar-donau-wegekreuz.de\/wp-content\/uploads\/2019\/05\/Prospekt-1980erJauss3-1015x1024.jpg\" alt=\"\" class=\"wp-image-489\" srcset=\"http:\/\/neckar-donau-wegekreuz.de\/wp-content\/uploads\/2019\/05\/Prospekt-1980erJauss3-1015x1024.jpg 1015w, http:\/\/neckar-donau-wegekreuz.de\/wp-content\/uploads\/2019\/05\/Prospekt-1980erJauss3-297x300.jpg 297w, http:\/\/neckar-donau-wegekreuz.de\/wp-content\/uploads\/2019\/05\/Prospekt-1980erJauss3-150x150.jpg 150w, http:\/\/neckar-donau-wegekreuz.de\/wp-content\/uploads\/2019\/05\/Prospekt-1980erJauss3-768x775.jpg 768w, http:\/\/neckar-donau-wegekreuz.de\/wp-content\/uploads\/2019\/05\/Prospekt-1980erJauss3-1522x1536.jpg 1522w, http:\/\/neckar-donau-wegekreuz.de\/wp-content\/uploads\/2019\/05\/Prospekt-1980erJauss3-2029x2048.jpg 2029w\" sizes=\"(max-width: 1015px) 100vw, 1015px\" \/><figcaption>Sanatoriumsprospekt aus den 1980ern. Archiv Stiftung Arme Schulschwestern.<\/figcaption><\/figure>\n\n\n\n<p><strong><a href=\"http:\/\/neckar-donau-wegekreuz.de\/?page_id=406\">-&gt; Lernen Sie die Oberin Schwester Benildis kennen!<\/a><\/strong><\/p>\n\n\n\n<p><strong><a href=\"http:\/\/neckar-donau-wegekreuz.de\/?page_id=114\">-&gt; Dr. Ursula H\u00f6rnle im Neckar-Donau-Wegekreuz<\/a><\/strong><\/p>\n\n\n\n<p><strong><a href=\"https:\/\/www.rottenburg.de\/geschichte.29857.htm?lnav=30004\">-> Besuchen Sie die Seite der Stadt Rottenburg zur Bad Niedernauer Geschichte<\/a><\/strong><\/p>\n","protected":false},"excerpt":{"rendered":"<p>Die Geschichte des Niedernauer Bades Von Dr. Ursula H\u00f6rnle, Bade\u00e4rztin in Bad Niedernau [1980er Jahre] &nbsp; Im ganzen oberen Neckartal und seinen Nebent\u00e4lern sind seit alters her kohlens\u00e4urehaltige Mineralquellen (sog. S\u00e4uerlinge) bekannt, die zu Heil- und Trinkzwecken genutzt wurden. Die Art der W\u00e4sser ist verschieden, je nachdem, welche Mineralien sie aus dem Gestein herausgel\u00f6st haben. &hellip;<\/p>\n<p class=\"read-more\"> <a class=\"\" href=\"http:\/\/neckar-donau-wegekreuz.de\/?page_id=474\"> <span class=\"screen-reader-text\">Bad Niedernau<\/span> Read More \u00bb<\/a><\/p>\n","protected":false},"author":1,"featured_media":0,"parent":8,"menu_order":0,"comment_status":"closed","ping_status":"closed","template":"","meta":[],"yoast_head":"<!-- This site is optimized with the Yoast SEO plugin v17.1 - https:\/\/yoast.com\/wordpress\/plugins\/seo\/ -->\n<title>Bad Niedernau - Neckar-Donau-Wegekreuz<\/title>\n<meta name=\"robots\" content=\"index, follow, max-snippet:-1, max-image-preview:large, max-video-preview:-1\" \/>\n<link rel=\"canonical\" href=\"http:\/\/neckar-donau-wegekreuz.de\/?page_id=474\" \/>\n<meta property=\"og:locale\" content=\"de_DE\" \/>\n<meta property=\"og:type\" content=\"article\" \/>\n<meta property=\"og:title\" content=\"Bad Niedernau - Neckar-Donau-Wegekreuz\" \/>\n<meta property=\"og:description\" content=\"Die Geschichte des Niedernauer Bades Von Dr. Ursula H\u00f6rnle, Bade\u00e4rztin in Bad Niedernau [1980er Jahre] &nbsp; Im ganzen oberen Neckartal und seinen Nebent\u00e4lern sind seit alters her kohlens\u00e4urehaltige Mineralquellen (sog. S\u00e4uerlinge) bekannt, die zu Heil- und Trinkzwecken genutzt wurden. Die Art der W\u00e4sser ist verschieden, je nachdem, welche Mineralien sie aus dem Gestein herausgel\u00f6st haben. &hellip; Bad Niedernau Read More \u00bb\" \/>\n<meta property=\"og:url\" content=\"http:\/\/neckar-donau-wegekreuz.de\/?page_id=474\" \/>\n<meta property=\"og:site_name\" content=\"Neckar-Donau-Wegekreuz\" \/>\n<meta property=\"article:modified_time\" content=\"2020-11-15T17:38:27+00:00\" \/>\n<meta property=\"og:image\" content=\"http:\/\/neckar-donau-wegekreuz.de\/wp-content\/uploads\/2019\/05\/Ansichtskartenum1905-unten-1024x658.jpg\" \/>\n<meta name=\"twitter:card\" content=\"summary_large_image\" \/>\n<meta name=\"twitter:label1\" content=\"Gesch\u00e4tzte Lesezeit\" \/>\n\t<meta name=\"twitter:data1\" content=\"4\u00a0Minuten\" \/>\n<script type=\"application\/ld+json\" class=\"yoast-schema-graph\">{\"@context\":\"https:\/\/schema.org\",\"@graph\":[{\"@type\":\"Organization\",\"@id\":\"https:\/\/neckar-donau-wegekreuz.de\/#organization\",\"name\":\"Neckar-Donau-Wegekreuz\",\"url\":\"https:\/\/neckar-donau-wegekreuz.de\/\",\"sameAs\":[],\"logo\":{\"@type\":\"ImageObject\",\"@id\":\"https:\/\/neckar-donau-wegekreuz.de\/#logo\",\"inLanguage\":\"de\",\"url\":\"http:\/\/neckar-donau-wegekreuz.de\/wp-content\/uploads\/2020\/05\/Logo_NeckarDonauWegeX-kl.png\",\"contentUrl\":\"http:\/\/neckar-donau-wegekreuz.de\/wp-content\/uploads\/2020\/05\/Logo_NeckarDonauWegeX-kl.png\",\"width\":2500,\"height\":2221,\"caption\":\"Neckar-Donau-Wegekreuz\"},\"image\":{\"@id\":\"https:\/\/neckar-donau-wegekreuz.de\/#logo\"}},{\"@type\":\"WebSite\",\"@id\":\"https:\/\/neckar-donau-wegekreuz.de\/#website\",\"url\":\"https:\/\/neckar-donau-wegekreuz.de\/\",\"name\":\"Neckar-Donau-Wegekreuz\",\"description\":\"Menschen, Orte, Zeiten treffen sich!\",\"publisher\":{\"@id\":\"https:\/\/neckar-donau-wegekreuz.de\/#organization\"},\"potentialAction\":[{\"@type\":\"SearchAction\",\"target\":{\"@type\":\"EntryPoint\",\"urlTemplate\":\"https:\/\/neckar-donau-wegekreuz.de\/?s={search_term_string}\"},\"query-input\":\"required name=search_term_string\"}],\"inLanguage\":\"de\"},{\"@type\":\"ImageObject\",\"@id\":\"http:\/\/neckar-donau-wegekreuz.de\/?page_id=474#primaryimage\",\"inLanguage\":\"de\",\"url\":\"http:\/\/neckar-donau-wegekreuz.de\/wp-content\/uploads\/2019\/05\/Ansichtskartenum1905-unten.jpg\",\"contentUrl\":\"http:\/\/neckar-donau-wegekreuz.de\/wp-content\/uploads\/2019\/05\/Ansichtskartenum1905-unten.jpg\",\"width\":1616,\"height\":1039},{\"@type\":\"WebPage\",\"@id\":\"http:\/\/neckar-donau-wegekreuz.de\/?page_id=474#webpage\",\"url\":\"http:\/\/neckar-donau-wegekreuz.de\/?page_id=474\",\"name\":\"Bad Niedernau - Neckar-Donau-Wegekreuz\",\"isPartOf\":{\"@id\":\"https:\/\/neckar-donau-wegekreuz.de\/#website\"},\"primaryImageOfPage\":{\"@id\":\"http:\/\/neckar-donau-wegekreuz.de\/?page_id=474#primaryimage\"},\"datePublished\":\"2019-05-09T21:50:09+00:00\",\"dateModified\":\"2020-11-15T17:38:27+00:00\",\"breadcrumb\":{\"@id\":\"http:\/\/neckar-donau-wegekreuz.de\/?page_id=474#breadcrumb\"},\"inLanguage\":\"de\",\"potentialAction\":[{\"@type\":\"ReadAction\",\"target\":[\"http:\/\/neckar-donau-wegekreuz.de\/?page_id=474\"]}]},{\"@type\":\"BreadcrumbList\",\"@id\":\"http:\/\/neckar-donau-wegekreuz.de\/?page_id=474#breadcrumb\",\"itemListElement\":[{\"@type\":\"ListItem\",\"position\":1,\"name\":\"Startseite\",\"item\":\"https:\/\/neckar-donau-wegekreuz.de\/\"},{\"@type\":\"ListItem\",\"position\":2,\"name\":\"Menschen, Orte, Zeiten treffen sich! \\ufeff\",\"item\":\"https:\/\/neckar-donau-wegekreuz.de\/\"},{\"@type\":\"ListItem\",\"position\":3,\"name\":\"Bad Niedernau\"}]}]}<\/script>\n<!-- \/ Yoast SEO plugin. -->","yoast_head_json":{"title":"Bad Niedernau - Neckar-Donau-Wegekreuz","robots":{"index":"index","follow":"follow","max-snippet":"max-snippet:-1","max-image-preview":"max-image-preview:large","max-video-preview":"max-video-preview:-1"},"canonical":"http:\/\/neckar-donau-wegekreuz.de\/?page_id=474","og_locale":"de_DE","og_type":"article","og_title":"Bad Niedernau - Neckar-Donau-Wegekreuz","og_description":"Die Geschichte des Niedernauer Bades Von Dr. Ursula H\u00f6rnle, Bade\u00e4rztin in Bad Niedernau [1980er Jahre] &nbsp; Im ganzen oberen Neckartal und seinen Nebent\u00e4lern sind seit alters her kohlens\u00e4urehaltige Mineralquellen (sog. S\u00e4uerlinge) bekannt, die zu Heil- und Trinkzwecken genutzt wurden. Die Art der W\u00e4sser ist verschieden, je nachdem, welche Mineralien sie aus dem Gestein herausgel\u00f6st haben. &hellip; Bad Niedernau Read More \u00bb","og_url":"http:\/\/neckar-donau-wegekreuz.de\/?page_id=474","og_site_name":"Neckar-Donau-Wegekreuz","article_modified_time":"2020-11-15T17:38:27+00:00","og_image":[{"url":"http:\/\/neckar-donau-wegekreuz.de\/wp-content\/uploads\/2019\/05\/Ansichtskartenum1905-unten-1024x658.jpg"}],"twitter_card":"summary_large_image","twitter_misc":{"Gesch\u00e4tzte Lesezeit":"4\u00a0Minuten"},"schema":{"@context":"https:\/\/schema.org","@graph":[{"@type":"Organization","@id":"https:\/\/neckar-donau-wegekreuz.de\/#organization","name":"Neckar-Donau-Wegekreuz","url":"https:\/\/neckar-donau-wegekreuz.de\/","sameAs":[],"logo":{"@type":"ImageObject","@id":"https:\/\/neckar-donau-wegekreuz.de\/#logo","inLanguage":"de","url":"http:\/\/neckar-donau-wegekreuz.de\/wp-content\/uploads\/2020\/05\/Logo_NeckarDonauWegeX-kl.png","contentUrl":"http:\/\/neckar-donau-wegekreuz.de\/wp-content\/uploads\/2020\/05\/Logo_NeckarDonauWegeX-kl.png","width":2500,"height":2221,"caption":"Neckar-Donau-Wegekreuz"},"image":{"@id":"https:\/\/neckar-donau-wegekreuz.de\/#logo"}},{"@type":"WebSite","@id":"https:\/\/neckar-donau-wegekreuz.de\/#website","url":"https:\/\/neckar-donau-wegekreuz.de\/","name":"Neckar-Donau-Wegekreuz","description":"Menschen, Orte, Zeiten treffen sich!","publisher":{"@id":"https:\/\/neckar-donau-wegekreuz.de\/#organization"},"potentialAction":[{"@type":"SearchAction","target":{"@type":"EntryPoint","urlTemplate":"https:\/\/neckar-donau-wegekreuz.de\/?s={search_term_string}"},"query-input":"required name=search_term_string"}],"inLanguage":"de"},{"@type":"ImageObject","@id":"http:\/\/neckar-donau-wegekreuz.de\/?page_id=474#primaryimage","inLanguage":"de","url":"http:\/\/neckar-donau-wegekreuz.de\/wp-content\/uploads\/2019\/05\/Ansichtskartenum1905-unten.jpg","contentUrl":"http:\/\/neckar-donau-wegekreuz.de\/wp-content\/uploads\/2019\/05\/Ansichtskartenum1905-unten.jpg","width":1616,"height":1039},{"@type":"WebPage","@id":"http:\/\/neckar-donau-wegekreuz.de\/?page_id=474#webpage","url":"http:\/\/neckar-donau-wegekreuz.de\/?page_id=474","name":"Bad Niedernau - Neckar-Donau-Wegekreuz","isPartOf":{"@id":"https:\/\/neckar-donau-wegekreuz.de\/#website"},"primaryImageOfPage":{"@id":"http:\/\/neckar-donau-wegekreuz.de\/?page_id=474#primaryimage"},"datePublished":"2019-05-09T21:50:09+00:00","dateModified":"2020-11-15T17:38:27+00:00","breadcrumb":{"@id":"http:\/\/neckar-donau-wegekreuz.de\/?page_id=474#breadcrumb"},"inLanguage":"de","potentialAction":[{"@type":"ReadAction","target":["http:\/\/neckar-donau-wegekreuz.de\/?page_id=474"]}]},{"@type":"BreadcrumbList","@id":"http:\/\/neckar-donau-wegekreuz.de\/?page_id=474#breadcrumb","itemListElement":[{"@type":"ListItem","position":1,"name":"Startseite","item":"https:\/\/neckar-donau-wegekreuz.de\/"},{"@type":"ListItem","position":2,"name":"Menschen, Orte, Zeiten treffen sich! \ufeff","item":"https:\/\/neckar-donau-wegekreuz.de\/"},{"@type":"ListItem","position":3,"name":"Bad Niedernau"}]}]}},"_links":{"self":[{"href":"http:\/\/neckar-donau-wegekreuz.de\/index.php?rest_route=\/wp\/v2\/pages\/474"}],"collection":[{"href":"http:\/\/neckar-donau-wegekreuz.de\/index.php?rest_route=\/wp\/v2\/pages"}],"about":[{"href":"http:\/\/neckar-donau-wegekreuz.de\/index.php?rest_route=\/wp\/v2\/types\/page"}],"author":[{"embeddable":true,"href":"http:\/\/neckar-donau-wegekreuz.de\/index.php?rest_route=\/wp\/v2\/users\/1"}],"replies":[{"embeddable":true,"href":"http:\/\/neckar-donau-wegekreuz.de\/index.php?rest_route=%2Fwp%2Fv2%2Fcomments&post=474"}],"version-history":[{"count":9,"href":"http:\/\/neckar-donau-wegekreuz.de\/index.php?rest_route=\/wp\/v2\/pages\/474\/revisions"}],"predecessor-version":[{"id":2448,"href":"http:\/\/neckar-donau-wegekreuz.de\/index.php?rest_route=\/wp\/v2\/pages\/474\/revisions\/2448"}],"up":[{"embeddable":true,"href":"http:\/\/neckar-donau-wegekreuz.de\/index.php?rest_route=\/wp\/v2\/pages\/8"}],"wp:attachment":[{"href":"http:\/\/neckar-donau-wegekreuz.de\/index.php?rest_route=%2Fwp%2Fv2%2Fmedia&parent=474"}],"curies":[{"name":"wp","href":"https:\/\/api.w.org\/{rel}","templated":true}]}}