{"id":11,"date":"2019-01-25T07:50:00","date_gmt":"2019-01-25T07:50:00","guid":{"rendered":"http:\/\/neckar-donau-wegekreuz.de\/?page_id=11"},"modified":"2020-05-22T09:08:06","modified_gmt":"2020-05-22T09:08:06","slug":"die-installation-wegekreuz","status":"publish","type":"page","link":"https:\/\/neckar-donau-wegekreuz.de\/?page_id=11","title":{"rendered":"Die Installation &#8222;Wegekreuz&#8220;"},"content":{"rendered":"\n<p class=\"has-text-align-left\"><strong>Menschen, Orte, Zeiten treffen sich hier!<\/strong><\/p>\n\n\n\n<p><\/p>\n\n\n\n<p>Diesem St\u00fcck Tal des Katzenbaches bei Bad Niedernau wohnt Geschichte inne. Hier treffen sich Lebenslinien verschiedenster Pers\u00f6nlichkeiten mit unterschiedlichsten Schicksalen \u2013 zu unterschiedlichen Zeiten. In den letzten Jahrzehnten betrieben hier die Armen Schulschwestern eine F\u00f6rderschule und eine Kurheilanstalt. Sie kamen nach dem Zweiten Weltkrieg aus dem donauschw\u00e4bischen Raum und erm\u00f6glichten ihren Landsleuten, den von dort vertriebenen Donauschwaben, hier eine Wallfahrtskapelle zu errichten. So kamen bald die vielen einstigen Donaulandbewohner an den Neckar um der verlorenen Heimat zu gedenken. Lernen Sie Ihre au\u00dfergew\u00f6hnlichen Schicksale kennen! Geht man weiter den Spuren der Geschichte nach, so begegnet man weiteren, historischen Pers\u00f6nlichkeiten: dem Wiederentdecker der R\u00f6merquelle und einem gro\u00dfen Kunst- und Kulturm\u00e4zen. <\/p>\n\n\n\n<figure class=\"wp-block-image size-large\"><img loading=\"lazy\" width=\"1024\" height=\"768\" src=\"http:\/\/neckar-donau-wegekreuz.de\/wp-content\/uploads\/2020\/05\/IMG_9835-1920-1024x768.jpg\" alt=\"\" class=\"wp-image-1814\" srcset=\"https:\/\/neckar-donau-wegekreuz.de\/wp-content\/uploads\/2020\/05\/IMG_9835-1920-1024x768.jpg 1024w, https:\/\/neckar-donau-wegekreuz.de\/wp-content\/uploads\/2020\/05\/IMG_9835-1920-300x225.jpg 300w, https:\/\/neckar-donau-wegekreuz.de\/wp-content\/uploads\/2020\/05\/IMG_9835-1920-768x576.jpg 768w, https:\/\/neckar-donau-wegekreuz.de\/wp-content\/uploads\/2020\/05\/IMG_9835-1920-1536x1152.jpg 1536w, https:\/\/neckar-donau-wegekreuz.de\/wp-content\/uploads\/2020\/05\/IMG_9835-1920.jpg 1920w\" sizes=\"(max-width: 1024px) 100vw, 1024px\" \/><figcaption>Beim Aufbau: Adam Kupferschmidt \u00fcberpr\u00fcft noch einmal alles. Foto: Lang<\/figcaption><\/figure>\n\n\n\n<div class=\"wp-block-image\"><figure class=\"aligncenter size-large\"><img loading=\"lazy\" width=\"768\" height=\"1024\" src=\"http:\/\/neckar-donau-wegekreuz.de\/wp-content\/uploads\/2020\/05\/IMG_9812-1920-768x1024.jpg\" alt=\"\" class=\"wp-image-1815\" srcset=\"https:\/\/neckar-donau-wegekreuz.de\/wp-content\/uploads\/2020\/05\/IMG_9812-1920-768x1024.jpg 768w, https:\/\/neckar-donau-wegekreuz.de\/wp-content\/uploads\/2020\/05\/IMG_9812-1920-225x300.jpg 225w, https:\/\/neckar-donau-wegekreuz.de\/wp-content\/uploads\/2020\/05\/IMG_9812-1920-1152x1536.jpg 1152w, https:\/\/neckar-donau-wegekreuz.de\/wp-content\/uploads\/2020\/05\/IMG_9812-1920.jpg 1440w\" sizes=\"(max-width: 768px) 100vw, 768px\" \/><figcaption>Im Hintergrund der spitze helle Giebel ist die Villa Steiner, dort war die F\u00f6rderschule. Foto: Lang<\/figcaption><\/figure><\/div>\n\n\n\n<figure class=\"wp-block-image size-large\"><img loading=\"lazy\" width=\"1024\" height=\"768\" src=\"http:\/\/neckar-donau-wegekreuz.de\/wp-content\/uploads\/2020\/05\/IMG_9817-1920-1024x768.jpg\" alt=\"\" class=\"wp-image-1816\" srcset=\"https:\/\/neckar-donau-wegekreuz.de\/wp-content\/uploads\/2020\/05\/IMG_9817-1920-1024x768.jpg 1024w, https:\/\/neckar-donau-wegekreuz.de\/wp-content\/uploads\/2020\/05\/IMG_9817-1920-300x225.jpg 300w, https:\/\/neckar-donau-wegekreuz.de\/wp-content\/uploads\/2020\/05\/IMG_9817-1920-768x576.jpg 768w, https:\/\/neckar-donau-wegekreuz.de\/wp-content\/uploads\/2020\/05\/IMG_9817-1920-1536x1152.jpg 1536w, https:\/\/neckar-donau-wegekreuz.de\/wp-content\/uploads\/2020\/05\/IMG_9817-1920.jpg 1920w\" sizes=\"(max-width: 1024px) 100vw, 1024px\" \/><figcaption>Hier im Hintergrund: das alte Badhotel. Foto: Lang<\/figcaption><\/figure>\n\n\n\n<figure class=\"wp-block-image size-large\"><img loading=\"lazy\" width=\"1024\" height=\"768\" src=\"http:\/\/neckar-donau-wegekreuz.de\/wp-content\/uploads\/2020\/05\/IMG_9831-1920-1024x768.jpg\" alt=\"\" class=\"wp-image-1817\" srcset=\"https:\/\/neckar-donau-wegekreuz.de\/wp-content\/uploads\/2020\/05\/IMG_9831-1920-1024x768.jpg 1024w, https:\/\/neckar-donau-wegekreuz.de\/wp-content\/uploads\/2020\/05\/IMG_9831-1920-300x225.jpg 300w, https:\/\/neckar-donau-wegekreuz.de\/wp-content\/uploads\/2020\/05\/IMG_9831-1920-768x576.jpg 768w, https:\/\/neckar-donau-wegekreuz.de\/wp-content\/uploads\/2020\/05\/IMG_9831-1920-1536x1152.jpg 1536w, https:\/\/neckar-donau-wegekreuz.de\/wp-content\/uploads\/2020\/05\/IMG_9831-1920.jpg 1920w\" sizes=\"(max-width: 1024px) 100vw, 1024px\" \/><figcaption>Die Filipowaer-Stelen am Wegesrand zur Wallfahrtskapelle. Foto: Lang <\/figcaption><\/figure>\n\n\n\n<div class=\"wp-block-image\"><figure class=\"aligncenter size-large\"><img loading=\"lazy\" width=\"680\" height=\"986\" src=\"http:\/\/neckar-donau-wegekreuz.de\/wp-content\/uploads\/2020\/01\/Stele-aktuell.jpg\" alt=\"\" class=\"wp-image-1094\" srcset=\"https:\/\/neckar-donau-wegekreuz.de\/wp-content\/uploads\/2020\/01\/Stele-aktuell.jpg 680w, https:\/\/neckar-donau-wegekreuz.de\/wp-content\/uploads\/2020\/01\/Stele-aktuell-207x300.jpg 207w\" sizes=\"(max-width: 680px) 100vw, 680px\" \/><figcaption>Die Bemusterung des Stelenprototyps am 9.12.2019 durch Adam Kupferschmidt und Dr. Robert Zollitsch. Foto: Raimund Docmac<\/figcaption><\/figure><\/div>\n\n\n","protected":false},"excerpt":{"rendered":"<p>Menschen, Orte, Zeiten treffen sich hier! Diesem St\u00fcck Tal des Katzenbaches bei Bad Niedernau wohnt Geschichte inne. Hier treffen sich Lebenslinien verschiedenster Pers\u00f6nlichkeiten mit unterschiedlichsten Schicksalen \u2013 zu unterschiedlichen Zeiten. In den letzten Jahrzehnten betrieben hier die Armen Schulschwestern eine F\u00f6rderschule und eine Kurheilanstalt. Sie kamen nach dem Zweiten Weltkrieg aus dem donauschw\u00e4bischen Raum und &hellip;<\/p>\n<p class=\"read-more\"> <a class=\"\" href=\"https:\/\/neckar-donau-wegekreuz.de\/?page_id=11\"> <span class=\"screen-reader-text\">Die Installation &#8222;Wegekreuz&#8220;<\/span> Read More \u00bb<\/a><\/p>\n","protected":false},"author":1,"featured_media":0,"parent":8,"menu_order":0,"comment_status":"closed","ping_status":"closed","template":"","meta":[],"yoast_head":"<!-- This site is optimized with the Yoast SEO plugin v17.1 - https:\/\/yoast.com\/wordpress\/plugins\/seo\/ -->\n<title>Die Installation &quot;Wegekreuz&quot; - Neckar-Donau-Wegekreuz<\/title>\n<meta name=\"robots\" content=\"index, follow, max-snippet:-1, max-image-preview:large, max-video-preview:-1\" \/>\n<link rel=\"canonical\" href=\"http:\/\/neckar-donau-wegekreuz.de\/?page_id=11\" \/>\n<meta property=\"og:locale\" content=\"de_DE\" \/>\n<meta property=\"og:type\" content=\"article\" \/>\n<meta property=\"og:title\" content=\"Die Installation &quot;Wegekreuz&quot; - Neckar-Donau-Wegekreuz\" \/>\n<meta property=\"og:description\" content=\"Menschen, Orte, Zeiten treffen sich hier! Diesem St\u00fcck Tal des Katzenbaches bei Bad Niedernau wohnt Geschichte inne. Hier treffen sich Lebenslinien verschiedenster Pers\u00f6nlichkeiten mit unterschiedlichsten Schicksalen \u2013 zu unterschiedlichen Zeiten. In den letzten Jahrzehnten betrieben hier die Armen Schulschwestern eine F\u00f6rderschule und eine Kurheilanstalt. Sie kamen nach dem Zweiten Weltkrieg aus dem donauschw\u00e4bischen Raum und &hellip; Die Installation &#8222;Wegekreuz&#8220; Read More \u00bb\" \/>\n<meta property=\"og:url\" content=\"http:\/\/neckar-donau-wegekreuz.de\/?page_id=11\" \/>\n<meta property=\"og:site_name\" content=\"Neckar-Donau-Wegekreuz\" \/>\n<meta property=\"article:modified_time\" content=\"2020-05-22T09:08:06+00:00\" \/>\n<meta property=\"og:image\" content=\"http:\/\/neckar-donau-wegekreuz.de\/wp-content\/uploads\/2020\/05\/IMG_9835-1920-1024x768.jpg\" \/>\n<meta name=\"twitter:card\" content=\"summary_large_image\" \/>\n<meta name=\"twitter:label1\" content=\"Gesch\u00e4tzte Lesezeit\" \/>\n\t<meta name=\"twitter:data1\" content=\"1\u00a0Minute\" \/>\n<script type=\"application\/ld+json\" class=\"yoast-schema-graph\">{\"@context\":\"https:\/\/schema.org\",\"@graph\":[{\"@type\":\"Organization\",\"@id\":\"http:\/\/neckar-donau-wegekreuz.de\/#organization\",\"name\":\"Neckar-Donau-Wegekreuz\",\"url\":\"http:\/\/neckar-donau-wegekreuz.de\/\",\"sameAs\":[],\"logo\":{\"@type\":\"ImageObject\",\"@id\":\"http:\/\/neckar-donau-wegekreuz.de\/#logo\",\"inLanguage\":\"de\",\"url\":\"http:\/\/neckar-donau-wegekreuz.de\/wp-content\/uploads\/2020\/05\/Logo_NeckarDonauWegeX-kl.png\",\"contentUrl\":\"http:\/\/neckar-donau-wegekreuz.de\/wp-content\/uploads\/2020\/05\/Logo_NeckarDonauWegeX-kl.png\",\"width\":2500,\"height\":2221,\"caption\":\"Neckar-Donau-Wegekreuz\"},\"image\":{\"@id\":\"http:\/\/neckar-donau-wegekreuz.de\/#logo\"}},{\"@type\":\"WebSite\",\"@id\":\"http:\/\/neckar-donau-wegekreuz.de\/#website\",\"url\":\"http:\/\/neckar-donau-wegekreuz.de\/\",\"name\":\"Neckar-Donau-Wegekreuz\",\"description\":\"Menschen, Orte, Zeiten treffen sich!\",\"publisher\":{\"@id\":\"http:\/\/neckar-donau-wegekreuz.de\/#organization\"},\"potentialAction\":[{\"@type\":\"SearchAction\",\"target\":{\"@type\":\"EntryPoint\",\"urlTemplate\":\"http:\/\/neckar-donau-wegekreuz.de\/?s={search_term_string}\"},\"query-input\":\"required name=search_term_string\"}],\"inLanguage\":\"de\"},{\"@type\":\"ImageObject\",\"@id\":\"http:\/\/neckar-donau-wegekreuz.de\/?page_id=11#primaryimage\",\"inLanguage\":\"de\",\"url\":\"http:\/\/neckar-donau-wegekreuz.de\/wp-content\/uploads\/2020\/05\/IMG_9835-1920-1024x768.jpg\",\"contentUrl\":\"http:\/\/neckar-donau-wegekreuz.de\/wp-content\/uploads\/2020\/05\/IMG_9835-1920-1024x768.jpg\"},{\"@type\":\"WebPage\",\"@id\":\"http:\/\/neckar-donau-wegekreuz.de\/?page_id=11#webpage\",\"url\":\"http:\/\/neckar-donau-wegekreuz.de\/?page_id=11\",\"name\":\"Die Installation \\\"Wegekreuz\\\" - Neckar-Donau-Wegekreuz\",\"isPartOf\":{\"@id\":\"http:\/\/neckar-donau-wegekreuz.de\/#website\"},\"primaryImageOfPage\":{\"@id\":\"http:\/\/neckar-donau-wegekreuz.de\/?page_id=11#primaryimage\"},\"datePublished\":\"2019-01-25T07:50:00+00:00\",\"dateModified\":\"2020-05-22T09:08:06+00:00\",\"breadcrumb\":{\"@id\":\"http:\/\/neckar-donau-wegekreuz.de\/?page_id=11#breadcrumb\"},\"inLanguage\":\"de\",\"potentialAction\":[{\"@type\":\"ReadAction\",\"target\":[\"http:\/\/neckar-donau-wegekreuz.de\/?page_id=11\"]}]},{\"@type\":\"BreadcrumbList\",\"@id\":\"http:\/\/neckar-donau-wegekreuz.de\/?page_id=11#breadcrumb\",\"itemListElement\":[{\"@type\":\"ListItem\",\"position\":1,\"name\":\"Startseite\",\"item\":\"http:\/\/neckar-donau-wegekreuz.de\/\"},{\"@type\":\"ListItem\",\"position\":2,\"name\":\"Menschen, Orte, Zeiten treffen sich! \\ufeff\",\"item\":\"http:\/\/neckar-donau-wegekreuz.de\/\"},{\"@type\":\"ListItem\",\"position\":3,\"name\":\"Die Installation &#8222;Wegekreuz&#8220;\"}]}]}<\/script>\n<!-- \/ Yoast SEO plugin. -->","yoast_head_json":{"title":"Die Installation \"Wegekreuz\" - Neckar-Donau-Wegekreuz","robots":{"index":"index","follow":"follow","max-snippet":"max-snippet:-1","max-image-preview":"max-image-preview:large","max-video-preview":"max-video-preview:-1"},"canonical":"http:\/\/neckar-donau-wegekreuz.de\/?page_id=11","og_locale":"de_DE","og_type":"article","og_title":"Die Installation \"Wegekreuz\" - Neckar-Donau-Wegekreuz","og_description":"Menschen, Orte, Zeiten treffen sich hier! Diesem St\u00fcck Tal des Katzenbaches bei Bad Niedernau wohnt Geschichte inne. Hier treffen sich Lebenslinien verschiedenster Pers\u00f6nlichkeiten mit unterschiedlichsten Schicksalen \u2013 zu unterschiedlichen Zeiten. In den letzten Jahrzehnten betrieben hier die Armen Schulschwestern eine F\u00f6rderschule und eine Kurheilanstalt. Sie kamen nach dem Zweiten Weltkrieg aus dem donauschw\u00e4bischen Raum und &hellip; Die Installation &#8222;Wegekreuz&#8220; Read More \u00bb","og_url":"http:\/\/neckar-donau-wegekreuz.de\/?page_id=11","og_site_name":"Neckar-Donau-Wegekreuz","article_modified_time":"2020-05-22T09:08:06+00:00","og_image":[{"url":"http:\/\/neckar-donau-wegekreuz.de\/wp-content\/uploads\/2020\/05\/IMG_9835-1920-1024x768.jpg"}],"twitter_card":"summary_large_image","twitter_misc":{"Gesch\u00e4tzte Lesezeit":"1\u00a0Minute"},"schema":{"@context":"https:\/\/schema.org","@graph":[{"@type":"Organization","@id":"http:\/\/neckar-donau-wegekreuz.de\/#organization","name":"Neckar-Donau-Wegekreuz","url":"http:\/\/neckar-donau-wegekreuz.de\/","sameAs":[],"logo":{"@type":"ImageObject","@id":"http:\/\/neckar-donau-wegekreuz.de\/#logo","inLanguage":"de","url":"http:\/\/neckar-donau-wegekreuz.de\/wp-content\/uploads\/2020\/05\/Logo_NeckarDonauWegeX-kl.png","contentUrl":"http:\/\/neckar-donau-wegekreuz.de\/wp-content\/uploads\/2020\/05\/Logo_NeckarDonauWegeX-kl.png","width":2500,"height":2221,"caption":"Neckar-Donau-Wegekreuz"},"image":{"@id":"http:\/\/neckar-donau-wegekreuz.de\/#logo"}},{"@type":"WebSite","@id":"http:\/\/neckar-donau-wegekreuz.de\/#website","url":"http:\/\/neckar-donau-wegekreuz.de\/","name":"Neckar-Donau-Wegekreuz","description":"Menschen, Orte, Zeiten treffen sich!","publisher":{"@id":"http:\/\/neckar-donau-wegekreuz.de\/#organization"},"potentialAction":[{"@type":"SearchAction","target":{"@type":"EntryPoint","urlTemplate":"http:\/\/neckar-donau-wegekreuz.de\/?s={search_term_string}"},"query-input":"required name=search_term_string"}],"inLanguage":"de"},{"@type":"ImageObject","@id":"http:\/\/neckar-donau-wegekreuz.de\/?page_id=11#primaryimage","inLanguage":"de","url":"http:\/\/neckar-donau-wegekreuz.de\/wp-content\/uploads\/2020\/05\/IMG_9835-1920-1024x768.jpg","contentUrl":"http:\/\/neckar-donau-wegekreuz.de\/wp-content\/uploads\/2020\/05\/IMG_9835-1920-1024x768.jpg"},{"@type":"WebPage","@id":"http:\/\/neckar-donau-wegekreuz.de\/?page_id=11#webpage","url":"http:\/\/neckar-donau-wegekreuz.de\/?page_id=11","name":"Die Installation \"Wegekreuz\" - Neckar-Donau-Wegekreuz","isPartOf":{"@id":"http:\/\/neckar-donau-wegekreuz.de\/#website"},"primaryImageOfPage":{"@id":"http:\/\/neckar-donau-wegekreuz.de\/?page_id=11#primaryimage"},"datePublished":"2019-01-25T07:50:00+00:00","dateModified":"2020-05-22T09:08:06+00:00","breadcrumb":{"@id":"http:\/\/neckar-donau-wegekreuz.de\/?page_id=11#breadcrumb"},"inLanguage":"de","potentialAction":[{"@type":"ReadAction","target":["http:\/\/neckar-donau-wegekreuz.de\/?page_id=11"]}]},{"@type":"BreadcrumbList","@id":"http:\/\/neckar-donau-wegekreuz.de\/?page_id=11#breadcrumb","itemListElement":[{"@type":"ListItem","position":1,"name":"Startseite","item":"http:\/\/neckar-donau-wegekreuz.de\/"},{"@type":"ListItem","position":2,"name":"Menschen, Orte, Zeiten treffen sich! \ufeff","item":"http:\/\/neckar-donau-wegekreuz.de\/"},{"@type":"ListItem","position":3,"name":"Die Installation &#8222;Wegekreuz&#8220;"}]}]}},"_links":{"self":[{"href":"https:\/\/neckar-donau-wegekreuz.de\/index.php?rest_route=\/wp\/v2\/pages\/11"}],"collection":[{"href":"https:\/\/neckar-donau-wegekreuz.de\/index.php?rest_route=\/wp\/v2\/pages"}],"about":[{"href":"https:\/\/neckar-donau-wegekreuz.de\/index.php?rest_route=\/wp\/v2\/types\/page"}],"author":[{"embeddable":true,"href":"https:\/\/neckar-donau-wegekreuz.de\/index.php?rest_route=\/wp\/v2\/users\/1"}],"replies":[{"embeddable":true,"href":"https:\/\/neckar-donau-wegekreuz.de\/index.php?rest_route=%2Fwp%2Fv2%2Fcomments&post=11"}],"version-history":[{"count":23,"href":"https:\/\/neckar-donau-wegekreuz.de\/index.php?rest_route=\/wp\/v2\/pages\/11\/revisions"}],"predecessor-version":[{"id":1818,"href":"https:\/\/neckar-donau-wegekreuz.de\/index.php?rest_route=\/wp\/v2\/pages\/11\/revisions\/1818"}],"up":[{"embeddable":true,"href":"https:\/\/neckar-donau-wegekreuz.de\/index.php?rest_route=\/wp\/v2\/pages\/8"}],"wp:attachment":[{"href":"https:\/\/neckar-donau-wegekreuz.de\/index.php?rest_route=%2Fwp%2Fv2%2Fmedia&parent=11"}],"curies":[{"name":"wp","href":"https:\/\/api.w.org\/{rel}","templated":true}]}}