{"id":272,"date":"2019-02-28T15:15:11","date_gmt":"2019-02-28T15:15:11","guid":{"rendered":"http:\/\/neckar-donau-wegekreuz.de\/?page_id=272"},"modified":"2020-10-21T14:56:20","modified_gmt":"2020-10-21T14:56:20","slug":"zeitzeugenberichte-zum-heuwiesenmassaker","status":"publish","type":"page","link":"https:\/\/neckar-donau-wegekreuz.de\/?page_id=272","title":{"rendered":"Zeitzeugenberichte zum Heuwiesenmassaker"},"content":{"rendered":"\n<p><strong>Erinnerung an den 25. November 1944  eines damals 7-J\u00e4hrigen:                              Adam Kupferschmidt<\/strong><\/p>\n\n\n\n<p><em>&#8222;Mein Vater geh\u00f6rte zur der Gruppe von wehrf\u00e4higen M\u00e4nner, welche dem Aufruf der Ortsgruppenleitung des Kulturbundes sich freiwillig  zum Dienst in der Waffen SS zu melden, nicht nachkam.  Wenn die Stellungskommission im Ort war hielt er sich versteckt. Eines Nachts, gegen 3:00 Uhr,  wurde ich Zeuge wie mein Vater von 2 uniformierte, bewaffneten deutschen Soldaten gesucht wurde. Sie kamen nachts, dr\u00e4ngten ins Schlafzimmer und Mutter sollte Auskunft geben wo Vater sich aufh\u00e4lt.<\/em><\/p>\n\n\n\n<p><em> Der 25. Nov.1944 wie ich ihn erlebte:.<br> Unsere Mutter musste sich an diesem Tag schon fr\u00fchmorgens vor dem Gemeindehaus melden. Sie folgte dem  hart formulierter Aufruf , dass sich alle jungen Frauen, (auch jene mit kleinen  Kinder) zum Arbeitseinsatz vor dem Gemeindehaus einzufinden haben. Vater wollte mit dem Pferdefuhrwerk den Ort verlassen, um noch anstehende Feldarbeit zu erledigen. Er kam ver\u00e4ngstigt zur\u00fcck und berichtete, dass der Ort von Partisanen umstellt sei und niemand darf das Dorf verlassen. Dem Aufruf, dass sich alle M\u00e4nner zwischen 16 und 60 Jahren, vor dem Gemeindehaus einzufinden haben, ist Folge zu leisten. <\/em><\/p>\n\n\n\n<p><em>Vater lief aufgeregt durch das Haus und Hof und machte eilig Feuer im Backofen. Er wollte die Gegenst\u00e4nde verbrennen welche an seine Milit\u00e4rdiestzeit bei der jugoslawischen Armee hinweisen.  Wer milit\u00e4rischen Gegenst\u00e4nden hat wird mit dem Tode bestraft, so lautet eine Kundmachung (mein Vater war einer der Filipowaer, die 1941 zum jugoslawischen Heer einr\u00fccken mussten, als Hitlerdeutschland in Jugoslawien einmarschierte). <br> Als der letzte Gegenstand im Ofen war verlie\u00df Vater \u00e4ngstlich das Haus. Nach einiger Zeit, gegen 10:00 Uhr, kam ein einzelner Partisan mit geschultertem Gewehr in unseren Hof, er fragte nach dem Mann im Hause,  Gro\u00dfmutter antwortet  \u201eer ist schon weg\u201c, dies hatte er verstanden, er machte kehrt und verlie\u00df den Hof. <\/em><\/p>\n\n\n\n<p><br><em>Kurz vor Einbruch der Dunkelheit kam Mutter von Ihrem Arbeitseinsatz entsetzt, weinend  und klagend zur\u00fcck. Sie hatte unterwegs erfahren, dass man die M\u00e4nner aus dem Ort hinaus getrieben hat. Auch ist ihnen, den Frauen,  ist ein Pferdefuhrwerk aus der Richtung des Roth-Sallasch (Roth-Meierhof) entgegen gekommen welches mit Spaten und  Schaufeln beladen war. Andere erz\u00e4hlten, dass sie gesehen haben wie Kleider \u00fcber die \u00fcber die Flurwege gefahren wurden. Die Menschen der Nachbarschaft liefen alle zusammen, die Ahnung, dass etwas Furchtbares geschehen war lag in der Luft, es war ein ohnm\u00e4chtiges Weinen und Klagen aller Zusammenstehenden. Wir Kinder standen ohnm\u00e4chtig dabei. Es ist nicht in Worte zu fassen was damals geschah. Immer wieder h\u00f6rte man aus dem Klagen der Frauen auch ein hoffen, dass das Schlimmste Doch nicht passiert ist. Eine letzte Hoffnung war, vielleicht hat man sie nach Russland verschleppt und nach einiger Zeit werden sie wieder freigelassen.  <\/em><\/p>\n\n\n\n<p><em><br> Am n\u00e4chsten Tag hat man dann erfahren, dass einige M\u00e4nner (sp\u00e4ter erfuhr man, dass es 72 Personen waren), welche am Vortag auch vor dem Gemeindehaus standen, frei gelassen wurden, 212 M\u00e4nner und Jugendliche blieben verschollen. Nach Jahren des Zweifelns und des Hoffens, dass die M\u00e4nner doch noch am Leben sein k\u00f6nnten, schwand dieser Hoffnungsschimmer immer mehr, bis es bittere Gewissheit wurde, dass die M\u00e4nner  ermordet wurden. <\/em><\/p>\n\n\n\n<p>Quelle: Filipowaer Heimatbrief Nr. 66, 2004, Seite 101<\/p>\n\n\n","protected":false},"excerpt":{"rendered":"<p>Erinnerung an den 25. November 1944 eines damals 7-J\u00e4hrigen: Adam Kupferschmidt &#8222;Mein Vater geh\u00f6rte zur der Gruppe von wehrf\u00e4higen M\u00e4nner, welche dem Aufruf der Ortsgruppenleitung des Kulturbundes sich freiwillig zum Dienst in der Waffen SS zu melden, nicht nachkam. Wenn die Stellungskommission im Ort war hielt er sich versteckt. Eines Nachts, gegen 3:00 Uhr, wurde &hellip;<\/p>\n<p class=\"read-more\"> <a class=\"\" href=\"https:\/\/neckar-donau-wegekreuz.de\/?page_id=272\"> <span class=\"screen-reader-text\">Zeitzeugenberichte zum Heuwiesenmassaker<\/span> Read More \u00bb<\/a><\/p>\n","protected":false},"author":1,"featured_media":0,"parent":204,"menu_order":0,"comment_status":"closed","ping_status":"closed","template":"","meta":[],"yoast_head":"<!-- This site is optimized with the Yoast SEO plugin v17.1 - https:\/\/yoast.com\/wordpress\/plugins\/seo\/ -->\n<title>Zeitzeugenberichte zum Heuwiesenmassaker - Neckar-Donau-Wegekreuz<\/title>\n<meta name=\"robots\" content=\"index, follow, max-snippet:-1, max-image-preview:large, max-video-preview:-1\" \/>\n<link rel=\"canonical\" href=\"https:\/\/neckar-donau-wegekreuz.de\/?page_id=272\" \/>\n<meta property=\"og:locale\" content=\"de_DE\" \/>\n<meta property=\"og:type\" content=\"article\" \/>\n<meta property=\"og:title\" content=\"Zeitzeugenberichte zum Heuwiesenmassaker - Neckar-Donau-Wegekreuz\" \/>\n<meta property=\"og:description\" content=\"Erinnerung an den 25. November 1944 eines damals 7-J\u00e4hrigen: Adam Kupferschmidt &#8222;Mein Vater geh\u00f6rte zur der Gruppe von wehrf\u00e4higen M\u00e4nner, welche dem Aufruf der Ortsgruppenleitung des Kulturbundes sich freiwillig zum Dienst in der Waffen SS zu melden, nicht nachkam. Wenn die Stellungskommission im Ort war hielt er sich versteckt. Eines Nachts, gegen 3:00 Uhr, wurde &hellip; Zeitzeugenberichte zum Heuwiesenmassaker Read More \u00bb\" \/>\n<meta property=\"og:url\" content=\"https:\/\/neckar-donau-wegekreuz.de\/?page_id=272\" \/>\n<meta property=\"og:site_name\" content=\"Neckar-Donau-Wegekreuz\" \/>\n<meta property=\"article:modified_time\" content=\"2020-10-21T14:56:20+00:00\" \/>\n<meta name=\"twitter:card\" content=\"summary_large_image\" \/>\n<meta name=\"twitter:label1\" content=\"Gesch\u00e4tzte Lesezeit\" \/>\n\t<meta name=\"twitter:data1\" content=\"3\u00a0Minuten\" \/>\n<script type=\"application\/ld+json\" class=\"yoast-schema-graph\">{\"@context\":\"https:\/\/schema.org\",\"@graph\":[{\"@type\":\"Organization\",\"@id\":\"http:\/\/neckar-donau-wegekreuz.de\/#organization\",\"name\":\"Neckar-Donau-Wegekreuz\",\"url\":\"http:\/\/neckar-donau-wegekreuz.de\/\",\"sameAs\":[],\"logo\":{\"@type\":\"ImageObject\",\"@id\":\"http:\/\/neckar-donau-wegekreuz.de\/#logo\",\"inLanguage\":\"de\",\"url\":\"http:\/\/neckar-donau-wegekreuz.de\/wp-content\/uploads\/2020\/05\/Logo_NeckarDonauWegeX-kl.png\",\"contentUrl\":\"http:\/\/neckar-donau-wegekreuz.de\/wp-content\/uploads\/2020\/05\/Logo_NeckarDonauWegeX-kl.png\",\"width\":2500,\"height\":2221,\"caption\":\"Neckar-Donau-Wegekreuz\"},\"image\":{\"@id\":\"http:\/\/neckar-donau-wegekreuz.de\/#logo\"}},{\"@type\":\"WebSite\",\"@id\":\"http:\/\/neckar-donau-wegekreuz.de\/#website\",\"url\":\"http:\/\/neckar-donau-wegekreuz.de\/\",\"name\":\"Neckar-Donau-Wegekreuz\",\"description\":\"Menschen, Orte, Zeiten treffen sich!\",\"publisher\":{\"@id\":\"http:\/\/neckar-donau-wegekreuz.de\/#organization\"},\"potentialAction\":[{\"@type\":\"SearchAction\",\"target\":{\"@type\":\"EntryPoint\",\"urlTemplate\":\"http:\/\/neckar-donau-wegekreuz.de\/?s={search_term_string}\"},\"query-input\":\"required name=search_term_string\"}],\"inLanguage\":\"de\"},{\"@type\":\"WebPage\",\"@id\":\"https:\/\/neckar-donau-wegekreuz.de\/?page_id=272#webpage\",\"url\":\"https:\/\/neckar-donau-wegekreuz.de\/?page_id=272\",\"name\":\"Zeitzeugenberichte zum Heuwiesenmassaker - Neckar-Donau-Wegekreuz\",\"isPartOf\":{\"@id\":\"http:\/\/neckar-donau-wegekreuz.de\/#website\"},\"datePublished\":\"2019-02-28T15:15:11+00:00\",\"dateModified\":\"2020-10-21T14:56:20+00:00\",\"breadcrumb\":{\"@id\":\"https:\/\/neckar-donau-wegekreuz.de\/?page_id=272#breadcrumb\"},\"inLanguage\":\"de\",\"potentialAction\":[{\"@type\":\"ReadAction\",\"target\":[\"https:\/\/neckar-donau-wegekreuz.de\/?page_id=272\"]}]},{\"@type\":\"BreadcrumbList\",\"@id\":\"https:\/\/neckar-donau-wegekreuz.de\/?page_id=272#breadcrumb\",\"itemListElement\":[{\"@type\":\"ListItem\",\"position\":1,\"name\":\"Startseite\",\"item\":\"http:\/\/neckar-donau-wegekreuz.de\/\"},{\"@type\":\"ListItem\",\"position\":2,\"name\":\"Menschen, Orte, Zeiten treffen sich! \\ufeff\",\"item\":\"http:\/\/neckar-donau-wegekreuz.de\/\"},{\"@type\":\"ListItem\",\"position\":3,\"name\":\"Filipowa &#8211; eine donauschw\\u00e4bische Gemeinde\",\"item\":\"https:\/\/neckar-donau-wegekreuz.de\/?page_id=15\"},{\"@type\":\"ListItem\",\"position\":4,\"name\":\"Die Vertreibung der Filipowaer aus Jugoslawien\",\"item\":\"https:\/\/neckar-donau-wegekreuz.de\/?page_id=204\"},{\"@type\":\"ListItem\",\"position\":5,\"name\":\"Zeitzeugenberichte zum Heuwiesenmassaker\"}]}]}<\/script>\n<!-- \/ Yoast SEO plugin. -->","yoast_head_json":{"title":"Zeitzeugenberichte zum Heuwiesenmassaker - Neckar-Donau-Wegekreuz","robots":{"index":"index","follow":"follow","max-snippet":"max-snippet:-1","max-image-preview":"max-image-preview:large","max-video-preview":"max-video-preview:-1"},"canonical":"https:\/\/neckar-donau-wegekreuz.de\/?page_id=272","og_locale":"de_DE","og_type":"article","og_title":"Zeitzeugenberichte zum Heuwiesenmassaker - Neckar-Donau-Wegekreuz","og_description":"Erinnerung an den 25. November 1944 eines damals 7-J\u00e4hrigen: Adam Kupferschmidt &#8222;Mein Vater geh\u00f6rte zur der Gruppe von wehrf\u00e4higen M\u00e4nner, welche dem Aufruf der Ortsgruppenleitung des Kulturbundes sich freiwillig zum Dienst in der Waffen SS zu melden, nicht nachkam. Wenn die Stellungskommission im Ort war hielt er sich versteckt. Eines Nachts, gegen 3:00 Uhr, wurde &hellip; Zeitzeugenberichte zum Heuwiesenmassaker Read More \u00bb","og_url":"https:\/\/neckar-donau-wegekreuz.de\/?page_id=272","og_site_name":"Neckar-Donau-Wegekreuz","article_modified_time":"2020-10-21T14:56:20+00:00","twitter_card":"summary_large_image","twitter_misc":{"Gesch\u00e4tzte Lesezeit":"3\u00a0Minuten"},"schema":{"@context":"https:\/\/schema.org","@graph":[{"@type":"Organization","@id":"http:\/\/neckar-donau-wegekreuz.de\/#organization","name":"Neckar-Donau-Wegekreuz","url":"http:\/\/neckar-donau-wegekreuz.de\/","sameAs":[],"logo":{"@type":"ImageObject","@id":"http:\/\/neckar-donau-wegekreuz.de\/#logo","inLanguage":"de","url":"http:\/\/neckar-donau-wegekreuz.de\/wp-content\/uploads\/2020\/05\/Logo_NeckarDonauWegeX-kl.png","contentUrl":"http:\/\/neckar-donau-wegekreuz.de\/wp-content\/uploads\/2020\/05\/Logo_NeckarDonauWegeX-kl.png","width":2500,"height":2221,"caption":"Neckar-Donau-Wegekreuz"},"image":{"@id":"http:\/\/neckar-donau-wegekreuz.de\/#logo"}},{"@type":"WebSite","@id":"http:\/\/neckar-donau-wegekreuz.de\/#website","url":"http:\/\/neckar-donau-wegekreuz.de\/","name":"Neckar-Donau-Wegekreuz","description":"Menschen, Orte, Zeiten treffen sich!","publisher":{"@id":"http:\/\/neckar-donau-wegekreuz.de\/#organization"},"potentialAction":[{"@type":"SearchAction","target":{"@type":"EntryPoint","urlTemplate":"http:\/\/neckar-donau-wegekreuz.de\/?s={search_term_string}"},"query-input":"required name=search_term_string"}],"inLanguage":"de"},{"@type":"WebPage","@id":"https:\/\/neckar-donau-wegekreuz.de\/?page_id=272#webpage","url":"https:\/\/neckar-donau-wegekreuz.de\/?page_id=272","name":"Zeitzeugenberichte zum Heuwiesenmassaker - Neckar-Donau-Wegekreuz","isPartOf":{"@id":"http:\/\/neckar-donau-wegekreuz.de\/#website"},"datePublished":"2019-02-28T15:15:11+00:00","dateModified":"2020-10-21T14:56:20+00:00","breadcrumb":{"@id":"https:\/\/neckar-donau-wegekreuz.de\/?page_id=272#breadcrumb"},"inLanguage":"de","potentialAction":[{"@type":"ReadAction","target":["https:\/\/neckar-donau-wegekreuz.de\/?page_id=272"]}]},{"@type":"BreadcrumbList","@id":"https:\/\/neckar-donau-wegekreuz.de\/?page_id=272#breadcrumb","itemListElement":[{"@type":"ListItem","position":1,"name":"Startseite","item":"http:\/\/neckar-donau-wegekreuz.de\/"},{"@type":"ListItem","position":2,"name":"Menschen, Orte, Zeiten treffen sich! \ufeff","item":"http:\/\/neckar-donau-wegekreuz.de\/"},{"@type":"ListItem","position":3,"name":"Filipowa &#8211; eine donauschw\u00e4bische Gemeinde","item":"https:\/\/neckar-donau-wegekreuz.de\/?page_id=15"},{"@type":"ListItem","position":4,"name":"Die Vertreibung der Filipowaer aus Jugoslawien","item":"https:\/\/neckar-donau-wegekreuz.de\/?page_id=204"},{"@type":"ListItem","position":5,"name":"Zeitzeugenberichte zum Heuwiesenmassaker"}]}]}},"_links":{"self":[{"href":"https:\/\/neckar-donau-wegekreuz.de\/index.php?rest_route=\/wp\/v2\/pages\/272"}],"collection":[{"href":"https:\/\/neckar-donau-wegekreuz.de\/index.php?rest_route=\/wp\/v2\/pages"}],"about":[{"href":"https:\/\/neckar-donau-wegekreuz.de\/index.php?rest_route=\/wp\/v2\/types\/page"}],"author":[{"embeddable":true,"href":"https:\/\/neckar-donau-wegekreuz.de\/index.php?rest_route=\/wp\/v2\/users\/1"}],"replies":[{"embeddable":true,"href":"https:\/\/neckar-donau-wegekreuz.de\/index.php?rest_route=%2Fwp%2Fv2%2Fcomments&post=272"}],"version-history":[{"count":2,"href":"https:\/\/neckar-donau-wegekreuz.de\/index.php?rest_route=\/wp\/v2\/pages\/272\/revisions"}],"predecessor-version":[{"id":2415,"href":"https:\/\/neckar-donau-wegekreuz.de\/index.php?rest_route=\/wp\/v2\/pages\/272\/revisions\/2415"}],"up":[{"embeddable":true,"href":"https:\/\/neckar-donau-wegekreuz.de\/index.php?rest_route=\/wp\/v2\/pages\/204"}],"wp:attachment":[{"href":"https:\/\/neckar-donau-wegekreuz.de\/index.php?rest_route=%2Fwp%2Fv2%2Fmedia&parent=272"}],"curies":[{"name":"wp","href":"https:\/\/api.w.org\/{rel}","templated":true}]}}